{"id":17354,"date":"2019-09-30T12:17:35","date_gmt":"2019-09-30T10:17:35","guid":{"rendered":"https:\/\/www2.bbs-me.de\/?page_id=17354"},"modified":"2022-08-29T21:51:22","modified_gmt":"2022-08-29T19:51:22","slug":"schulpartnerschaften-uvcc","status":"publish","type":"page","link":"https:\/\/www2.bbs-me.de\/index.php\/partnerschulen-2\/schulpartnerschaften-uvcc\/","title":{"rendered":"Schulpartnerschaften &#8211; UVCC"},"content":{"rendered":"<div id='basic-article'  class='av-layout-grid-container entry-content-wrapper header_color av-flex-cells     avia-builder-el-0  el_before_av_hr  avia-builder-el-first  container_wrap sidebar_right' style=' '  >\n<div class=\"flex_cell no_margin av_one_half  avia-builder-el-1  el_before_av_cell_one_half  avia-builder-el-first   \"  style='vertical-align:top; padding:30px; ' ><div class='flex_cell_inner' ><p><div  style='padding-bottom:10px; ' class='av-special-heading av-special-heading-h1  blockquote modern-quote  avia-builder-el-2  el_before_av_hr  avia-builder-el-first  '><h1 class='av-special-heading-tag '  itemprop=\"headline\"  >Otto-Brenner-Schule goes Ohio<\/h1><div class='special-heading-border'><div class='special-heading-inner-border' ><\/div><\/div><\/div><br \/>\n<div   class='hr hr-default   avia-builder-el-3  el_after_av_heading  el_before_av_textblock '><span class='hr-inner ' ><span class='hr-inner-style'><\/span><\/span><\/div><br \/>\n<section class=\"av_textblock_section \"  itemscope=\"itemscope\" itemtype=\"https:\/\/schema.org\/CreativeWork\" ><div class='avia_textblock  '  style='font-size:16px; '  itemprop=\"text\" ><p>Das Gymnasium Technik an der Otto-Brenner-Schule (BBS Metall- und Elektrotechnik) unterh\u00e4lt seit vier Jahren eine Partnerschaft zum <a href=\"http:\/\/www.uppervalleycc.org\/\" target=\"_blank\" rel=\"noopener\"><strong><span style=\"color: #0000ff;\">Upper Valley Career Center (UVCC)<\/span><\/strong><\/a> in Piqua, Ohio, USA. Auch bei unserer Partnerschule handelt es sich um eine High School, die wie wir Wert auf eine technische, berufs- und studienorientierte Ausbildung legt.<\/p>\n<p>Im Herbst reisen wir mit Sch\u00fclerinnen und Sch\u00fclern des 12. Jahrganges f\u00fcr zwei bis drei Wochen zum UVCC. Im Fr\u00fchjahr kommt eine Sch\u00fclergruppe vom UVCC zum Gegenbesuch zu uns. Die Unterbringung erfolgt in Gastfamilien, um einen tollen Einblick in das jeweilige Familienleben zu erhalten.<\/p>\n<p>Neben der Teilnahme an verschiedenen Schulveranstaltungen besichtigen wir Unternehmen in der Region. Auch an Wettbewerben nehmen unsere Sch\u00fclerinnen und Sch\u00fcler teil. Die Reise in die USA endet dann mit einem Besuch in Chicago, der Windy City am Lake Michigan, bevor es wieder zur\u00fcck nach Hannover geht.<\/p>\n<\/div><\/section><\/p>\n<\/div><\/div><div class=\"flex_cell no_margin av_one_half  avia-builder-el-5  el_after_av_cell_one_half  avia-builder-el-last   \"  style='vertical-align:top; padding:30px; ' ><div class='flex_cell_inner' ><p><div  class='avia-image-container  av-styling-    avia-builder-el-6  el_before_av_textblock  avia-builder-el-first  avia-align-center '  itemprop=\"image\" itemscope=\"itemscope\" itemtype=\"https:\/\/schema.org\/ImageObject\"  ><div class='avia-image-container-inner'><div class='avia-image-overlay-wrap'><img class='avia_image' src='https:\/\/www2.bbs-me.de\/wp-content\/uploads\/2019\/09\/UVCC_01_trip_2019-1030x773.jpg' alt='' title='UVCC_01_trip_2019' height=\"773\" width=\"1030\"  itemprop=\"thumbnailUrl\"  \/><\/div><\/div><\/div><br \/>\n<section class=\"av_textblock_section \"  itemscope=\"itemscope\" itemtype=\"https:\/\/schema.org\/CreativeWork\" ><div class='avia_textblock  '   itemprop=\"text\" ><h4 style=\"text-align: center;\">Wir waren 2019 in Ohio!<\/h4>\n<\/div><\/section><\/p>\n<\/div><\/div><\/div><div id='after_submenu_1'  class='main_color av_default_container_wrap container_wrap sidebar_right' style=' '  ><div class='container' ><div class='template-page content  av-content-small alpha units'><div class='post-entry post-entry-type-page post-entry-17354'><div class='entry-content-wrapper clearfix'><div  style='height:20px' class='hr hr-invisible   avia-builder-el-8  el_after_av_layout_row  el_before_av_horizontal_gallery  avia-builder-el-no-sibling '><span class='hr-inner ' ><span class='hr-inner-style'><\/span><\/span><\/div><\/p>\n<div  class='av-horizontal-gallery av-horizontal-gallery-large-gap av-horizontal-gallery-enlarge-effect av-horizontal-gallery-1  avia-builder-el-9  el_after_av_hr  el_before_av_hr  av-control-default '  itemprop=\"image\" itemscope=\"itemscope\" itemtype=\"https:\/\/schema.org\/ImageObject\"  style='padding: 3.75% 0px;' data-av-enlarge='1.3'  ><div class='avia-slideshow-arrows avia-slideshow-controls'><a href='#prev' class='prev-slide av-horizontal-gallery-prev' aria-hidden='true' data-av_icon='\ue87c' data-av_iconfont='entypo-fontello'>Zur\u00fcck<\/a><a href='#next' class='next-slide av-horizontal-gallery-next' aria-hidden='true' data-av_icon='\ue87d' data-av_iconfont='entypo-fontello'>Weiter <\/a><\/div><div class='av-horizontal-gallery-inner' style='padding-bottom:25%' data-av-height='25'><div class='av-horizontal-gallery-slider'><div class='av-horizontal-gallery-wrap noHover'><img class='av-horizontal-gallery-img' width='495' height='400' src='https:\/\/www2.bbs-me.de\/wp-content\/uploads\/2019\/09\/UVCC_02_IMG_2023-495x400.jpg' title='UVCC_02_IMG_2023' alt='' \/><a href='https:\/\/www2.bbs-me.de\/wp-content\/uploads\/2019\/09\/UVCC_02_IMG_2023-1030x773.jpg'  class='av-horizontal-gallery-link' aria-hidden='true' data-av_icon='\ue869' data-av_iconfont='entypo-fontello' title=''><\/a><\/div><div class='av-horizontal-gallery-wrap noHover'><img class='av-horizontal-gallery-img' width='495' height='400' src='https:\/\/www2.bbs-me.de\/wp-content\/uploads\/2019\/09\/UVCC_03_IMG_2034-495x400.jpg' title='UVCC_03_IMG_2034' alt='' \/><a href='https:\/\/www2.bbs-me.de\/wp-content\/uploads\/2019\/09\/UVCC_03_IMG_2034-1030x773.jpg'  class='av-horizontal-gallery-link' aria-hidden='true' data-av_icon='\ue869' data-av_iconfont='entypo-fontello' title=''><\/a><\/div><div class='av-horizontal-gallery-wrap noHover'><img class='av-horizontal-gallery-img' width='495' height='400' src='https:\/\/www2.bbs-me.de\/wp-content\/uploads\/2019\/09\/UVCC_10_IMG_2113-495x400.jpg' title='UVCC_10_IMG_2113' alt='' \/><a href='https:\/\/www2.bbs-me.de\/wp-content\/uploads\/2019\/09\/UVCC_10_IMG_2113-1030x773.jpg'  class='av-horizontal-gallery-link' aria-hidden='true' data-av_icon='\ue869' data-av_iconfont='entypo-fontello' title=''><\/a><\/div><div class='av-horizontal-gallery-wrap noHover'><img class='av-horizontal-gallery-img' width='495' height='400' src='https:\/\/www2.bbs-me.de\/wp-content\/uploads\/2019\/09\/UVCC_09_IMG_2104-495x400.jpg' title='UVCC_09_IMG_2104' alt='' \/><a href='https:\/\/www2.bbs-me.de\/wp-content\/uploads\/2019\/09\/UVCC_09_IMG_2104-1030x773.jpg'  class='av-horizontal-gallery-link' aria-hidden='true' data-av_icon='\ue869' data-av_iconfont='entypo-fontello' title=''><\/a><\/div><div class='av-horizontal-gallery-wrap noHover'><img class='av-horizontal-gallery-img' width='495' height='400' src='https:\/\/www2.bbs-me.de\/wp-content\/uploads\/2019\/09\/UVCC_08_IMG_2075-495x400.jpg' title='UVCC_08_IMG_2075' alt='' \/><a href='https:\/\/www2.bbs-me.de\/wp-content\/uploads\/2019\/09\/UVCC_08_IMG_2075-1030x773.jpg'  class='av-horizontal-gallery-link' aria-hidden='true' data-av_icon='\ue869' data-av_iconfont='entypo-fontello' title=''><\/a><\/div><div class='av-horizontal-gallery-wrap noHover'><img class='av-horizontal-gallery-img' width='495' height='400' src='https:\/\/www2.bbs-me.de\/wp-content\/uploads\/2019\/09\/UVCC_07_IMG_2073-495x400.jpg' title='UVCC_07_IMG_2073' alt='' \/><a href='https:\/\/www2.bbs-me.de\/wp-content\/uploads\/2019\/09\/UVCC_07_IMG_2073-1030x773.jpg'  class='av-horizontal-gallery-link' aria-hidden='true' data-av_icon='\ue869' data-av_iconfont='entypo-fontello' title=''><\/a><\/div><div class='av-horizontal-gallery-wrap noHover'><img class='av-horizontal-gallery-img' width='495' height='400' src='https:\/\/www2.bbs-me.de\/wp-content\/uploads\/2019\/09\/UVCC_06_IMG_2059-495x400.jpg' title='UVCC_06_IMG_2059' alt='' \/><a href='https:\/\/www2.bbs-me.de\/wp-content\/uploads\/2019\/09\/UVCC_06_IMG_2059-1030x773.jpg'  class='av-horizontal-gallery-link' aria-hidden='true' data-av_icon='\ue869' data-av_iconfont='entypo-fontello' title=''><\/a><\/div><div class='av-horizontal-gallery-wrap noHover'><img class='av-horizontal-gallery-img' width='495' height='400' src='https:\/\/www2.bbs-me.de\/wp-content\/uploads\/2019\/09\/UVCC_05_IMG_2057-495x400.jpg' title='UVCC_05_IMG_2057' alt='' \/><a href='https:\/\/www2.bbs-me.de\/wp-content\/uploads\/2019\/09\/UVCC_05_IMG_2057-1030x773.jpg'  class='av-horizontal-gallery-link' aria-hidden='true' data-av_icon='\ue869' data-av_iconfont='entypo-fontello' title=''><\/a><\/div><div class='av-horizontal-gallery-wrap noHover'><img class='av-horizontal-gallery-img' width='495' height='400' src='https:\/\/www2.bbs-me.de\/wp-content\/uploads\/2019\/09\/UVCC_04_IMG_2049-495x400.jpg' title='UVCC_04_IMG_2049' alt='' \/><a href='https:\/\/www2.bbs-me.de\/wp-content\/uploads\/2019\/09\/UVCC_04_IMG_2049-1030x773.jpg'  class='av-horizontal-gallery-link' aria-hidden='true' data-av_icon='\ue869' data-av_iconfont='entypo-fontello' title=''><\/a><\/div><div class='av-horizontal-gallery-wrap noHover'><img class='av-horizontal-gallery-img' width='495' height='400' src='https:\/\/www2.bbs-me.de\/wp-content\/uploads\/2019\/09\/UVCC_11_IMG_2118-495x400.jpg' title='UVCC_11_IMG_2118' alt='' \/><a href='https:\/\/www2.bbs-me.de\/wp-content\/uploads\/2019\/09\/UVCC_11_IMG_2118-1030x773.jpg'  class='av-horizontal-gallery-link' aria-hidden='true' data-av_icon='\ue869' data-av_iconfont='entypo-fontello' title=''><\/a><\/div><div class='av-horizontal-gallery-wrap noHover'><img class='av-horizontal-gallery-img' width='495' height='400' src='https:\/\/www2.bbs-me.de\/wp-content\/uploads\/2019\/09\/UVCC_12_IMG_2119-495x400.jpg' title='UVCC_12_IMG_2119' alt='' \/><a href='https:\/\/www2.bbs-me.de\/wp-content\/uploads\/2019\/09\/UVCC_12_IMG_2119-1030x773.jpg'  class='av-horizontal-gallery-link' aria-hidden='true' data-av_icon='\ue869' data-av_iconfont='entypo-fontello' title=''><\/a><\/div><div class='av-horizontal-gallery-wrap noHover'><img class='av-horizontal-gallery-img' width='495' height='400' src='https:\/\/www2.bbs-me.de\/wp-content\/uploads\/2019\/09\/UVCC_13_IMG_2128-495x400.jpg' title='UVCC_13_IMG_2128' alt='' \/><a href='https:\/\/www2.bbs-me.de\/wp-content\/uploads\/2019\/09\/UVCC_13_IMG_2128-1030x773.jpg'  class='av-horizontal-gallery-link' aria-hidden='true' data-av_icon='\ue869' data-av_iconfont='entypo-fontello' title=''><\/a><\/div><div class='av-horizontal-gallery-wrap noHover'><img class='av-horizontal-gallery-img' width='495' height='400' src='https:\/\/www2.bbs-me.de\/wp-content\/uploads\/2019\/09\/UVCC_14_IMG_2154-495x400.jpg' title='UVCC_14_IMG_2154' alt='' \/><a href='https:\/\/www2.bbs-me.de\/wp-content\/uploads\/2019\/09\/UVCC_14_IMG_2154-1030x773.jpg'  class='av-horizontal-gallery-link' aria-hidden='true' data-av_icon='\ue869' data-av_iconfont='entypo-fontello' title=''><\/a><\/div><div class='av-horizontal-gallery-wrap noHover'><img class='av-horizontal-gallery-img' width='495' height='400' src='https:\/\/www2.bbs-me.de\/wp-content\/uploads\/2019\/09\/UVCC_15_IMG_2188-495x400.jpg' title='UVCC_15_IMG_2188' alt='' \/><a href='https:\/\/www2.bbs-me.de\/wp-content\/uploads\/2019\/09\/UVCC_15_IMG_2188-1030x773.jpg'  class='av-horizontal-gallery-link' aria-hidden='true' data-av_icon='\ue869' data-av_iconfont='entypo-fontello' title=''><\/a><\/div><div class='av-horizontal-gallery-wrap noHover'><img class='av-horizontal-gallery-img' width='495' height='400' src='https:\/\/www2.bbs-me.de\/wp-content\/uploads\/2019\/09\/UVCC_16_IMG_2200-495x400.jpg' title='UVCC_16_IMG_2200' alt='' \/><a href='https:\/\/www2.bbs-me.de\/wp-content\/uploads\/2019\/09\/UVCC_16_IMG_2200-1030x773.jpg'  class='av-horizontal-gallery-link' aria-hidden='true' data-av_icon='\ue869' data-av_iconfont='entypo-fontello' title=''><\/a><\/div><div class='av-horizontal-gallery-wrap noHover'><img class='av-horizontal-gallery-img' width='495' height='400' src='https:\/\/www2.bbs-me.de\/wp-content\/uploads\/2019\/09\/UVCC_17_IMG_2201-495x400.jpg' title='UVCC_17_IMG_2201' alt='' \/><a href='https:\/\/www2.bbs-me.de\/wp-content\/uploads\/2019\/09\/UVCC_17_IMG_2201-1030x773.jpg'  class='av-horizontal-gallery-link' aria-hidden='true' data-av_icon='\ue869' data-av_iconfont='entypo-fontello' title=''><\/a><\/div><div class='av-horizontal-gallery-wrap noHover'><img class='av-horizontal-gallery-img' width='495' height='400' src='https:\/\/www2.bbs-me.de\/wp-content\/uploads\/2019\/09\/UVCC_24_IMG_2385-495x400.jpg' title='UVCC_24_IMG_2385' alt='' \/><a href='https:\/\/www2.bbs-me.de\/wp-content\/uploads\/2019\/09\/UVCC_24_IMG_2385-1030x773.jpg'  class='av-horizontal-gallery-link' aria-hidden='true' data-av_icon='\ue869' data-av_iconfont='entypo-fontello' title=''><\/a><\/div><div class='av-horizontal-gallery-wrap noHover'><img class='av-horizontal-gallery-img' width='495' height='400' src='https:\/\/www2.bbs-me.de\/wp-content\/uploads\/2019\/09\/UVCC_23_IMG_2364-495x400.jpg' title='UVCC_23_IMG_2364' alt='' \/><a href='https:\/\/www2.bbs-me.de\/wp-content\/uploads\/2019\/09\/UVCC_23_IMG_2364-1030x773.jpg'  class='av-horizontal-gallery-link' aria-hidden='true' data-av_icon='\ue869' data-av_iconfont='entypo-fontello' title=''><\/a><\/div><div class='av-horizontal-gallery-wrap noHover'><img class='av-horizontal-gallery-img' width='495' height='400' src='https:\/\/www2.bbs-me.de\/wp-content\/uploads\/2019\/09\/UVCC_22_IMG_2353-e1569839003851-495x400.jpg' title='UVCC_22_IMG_2353' alt='' \/><a href='https:\/\/www2.bbs-me.de\/wp-content\/uploads\/2019\/09\/UVCC_22_IMG_2353-e1569839003851-773x1030.jpg'  class='av-horizontal-gallery-link' aria-hidden='true' data-av_icon='\ue869' data-av_iconfont='entypo-fontello' title=''><\/a><\/div><div class='av-horizontal-gallery-wrap noHover'><img class='av-horizontal-gallery-img' width='495' height='400' src='https:\/\/www2.bbs-me.de\/wp-content\/uploads\/2019\/09\/UVCC_21_IMG_2342-495x400.jpg' title='UVCC_21_IMG_2342' alt='' \/><a href='https:\/\/www2.bbs-me.de\/wp-content\/uploads\/2019\/09\/UVCC_21_IMG_2342-1030x773.jpg'  class='av-horizontal-gallery-link' aria-hidden='true' data-av_icon='\ue869' data-av_iconfont='entypo-fontello' title=''><\/a><\/div><div class='av-horizontal-gallery-wrap noHover'><img class='av-horizontal-gallery-img' width='495' height='400' src='https:\/\/www2.bbs-me.de\/wp-content\/uploads\/2019\/09\/UVCC_20_IMG_2331-495x400.jpg' title='UVCC_20_IMG_2331' alt='' \/><a href='https:\/\/www2.bbs-me.de\/wp-content\/uploads\/2019\/09\/UVCC_20_IMG_2331-1030x773.jpg'  class='av-horizontal-gallery-link' aria-hidden='true' data-av_icon='\ue869' data-av_iconfont='entypo-fontello' title=''><\/a><\/div><div class='av-horizontal-gallery-wrap noHover'><img class='av-horizontal-gallery-img' width='495' height='400' src='https:\/\/www2.bbs-me.de\/wp-content\/uploads\/2019\/09\/UVCC_19_IMG_2308-e1569839019705-495x400.jpg' title='UVCC_19_IMG_2308' alt='' \/><a href='https:\/\/www2.bbs-me.de\/wp-content\/uploads\/2019\/09\/UVCC_19_IMG_2308-e1569839019705-773x1030.jpg'  class='av-horizontal-gallery-link' aria-hidden='true' data-av_icon='\ue869' data-av_iconfont='entypo-fontello' title=''><\/a><\/div><div class='av-horizontal-gallery-wrap noHover'><img class='av-horizontal-gallery-img' width='495' height='400' src='https:\/\/www2.bbs-me.de\/wp-content\/uploads\/2019\/09\/UVCC_18_IMG_2290-495x400.jpg' title='UVCC_18_IMG_2290' alt='' \/><a href='https:\/\/www2.bbs-me.de\/wp-content\/uploads\/2019\/09\/UVCC_18_IMG_2290-1030x773.jpg'  class='av-horizontal-gallery-link' aria-hidden='true' data-av_icon='\ue869' data-av_iconfont='entypo-fontello' title=''><\/a><\/div><div class='av-horizontal-gallery-wrap noHover'><img class='av-horizontal-gallery-img' width='495' height='400' src='https:\/\/www2.bbs-me.de\/wp-content\/uploads\/2019\/09\/UVCC_25_IMG_2456-495x400.jpg' title='UVCC_25_IMG_2456' alt='' \/><a href='https:\/\/www2.bbs-me.de\/wp-content\/uploads\/2019\/09\/UVCC_25_IMG_2456-1030x773.jpg'  class='av-horizontal-gallery-link' aria-hidden='true' data-av_icon='\ue869' data-av_iconfont='entypo-fontello' title=''><\/a><\/div><\/div><\/div><\/div>\n<div  style='height:20px' class='hr hr-invisible   avia-builder-el-10  el_after_av_horizontal_gallery  avia-builder-el-no-sibling '><span class='hr-inner ' ><span class='hr-inner-style'><\/span><\/span><\/div>\n","protected":false},"excerpt":{"rendered":"","protected":false},"author":8,"featured_media":0,"parent":17344,"menu_order":0,"comment_status":"closed","ping_status":"closed","template":"","meta":{"footnotes":""},"page_category":[],"yoast_head":"<!-- This site is optimized with the Yoast SEO plugin v22.8 - https:\/\/yoast.com\/wordpress\/plugins\/seo\/ -->\n<title>Schulpartnerschaften - UVCC - bbs|me<\/title>\n<meta name=\"robots\" content=\"index, follow, max-snippet:-1, max-image-preview:large, max-video-preview:-1\" \/>\n<link rel=\"canonical\" href=\"https:\/\/www2.bbs-me.de\/index.php\/partnerschulen-2\/schulpartnerschaften-uvcc\/\" \/>\n<meta property=\"og:locale\" content=\"de_DE\" \/>\n<meta property=\"og:type\" content=\"article\" \/>\n<meta property=\"og:title\" content=\"Schulpartnerschaften - UVCC - bbs|me\" \/>\n<meta property=\"og:url\" content=\"https:\/\/www2.bbs-me.de\/index.php\/partnerschulen-2\/schulpartnerschaften-uvcc\/\" \/>\n<meta property=\"og:site_name\" content=\"bbs|me\" \/>\n<meta property=\"article:modified_time\" content=\"2022-08-29T19:51:22+00:00\" \/>\n<meta name=\"twitter:card\" content=\"summary_large_image\" \/>\n<meta name=\"twitter:label1\" content=\"Gesch\u00e4tzte Lesezeit\" \/>\n\t<meta name=\"twitter:data1\" content=\"2\u00a0Minuten\" \/>\n<script type=\"application\/ld+json\" class=\"yoast-schema-graph\">{\"@context\":\"https:\/\/schema.org\",\"@graph\":[{\"@type\":\"WebPage\",\"@id\":\"https:\/\/www2.bbs-me.de\/index.php\/partnerschulen-2\/schulpartnerschaften-uvcc\/\",\"url\":\"https:\/\/www2.bbs-me.de\/index.php\/partnerschulen-2\/schulpartnerschaften-uvcc\/\",\"name\":\"Schulpartnerschaften - UVCC - bbs|me\",\"isPartOf\":{\"@id\":\"https:\/\/www2.bbs-me.de\/#website\"},\"datePublished\":\"2019-09-30T10:17:35+00:00\",\"dateModified\":\"2022-08-29T19:51:22+00:00\",\"breadcrumb\":{\"@id\":\"https:\/\/www2.bbs-me.de\/index.php\/partnerschulen-2\/schulpartnerschaften-uvcc\/#breadcrumb\"},\"inLanguage\":\"de\",\"potentialAction\":[{\"@type\":\"ReadAction\",\"target\":[\"https:\/\/www2.bbs-me.de\/index.php\/partnerschulen-2\/schulpartnerschaften-uvcc\/\"]}]},{\"@type\":\"BreadcrumbList\",\"@id\":\"https:\/\/www2.bbs-me.de\/index.php\/partnerschulen-2\/schulpartnerschaften-uvcc\/#breadcrumb\",\"itemListElement\":[{\"@type\":\"ListItem\",\"position\":1,\"name\":\"Startseite\",\"item\":\"https:\/\/www2.bbs-me.de\/\"},{\"@type\":\"ListItem\",\"position\":2,\"name\":\"Schulpartnerschaften\",\"item\":\"https:\/\/www2.bbs-me.de\/index.php\/partnerschulen-2\/\"},{\"@type\":\"ListItem\",\"position\":3,\"name\":\"Schulpartnerschaften &#8211; UVCC\"}]},{\"@type\":\"WebSite\",\"@id\":\"https:\/\/www2.bbs-me.de\/#website\",\"url\":\"https:\/\/www2.bbs-me.de\/\",\"name\":\"bbs|me\",\"description\":\"Otto-Brenner-Schule - Berufsbildende Schule Metalltechnik \u2022 Elektrotechnik der Region Hannover\",\"potentialAction\":[{\"@type\":\"SearchAction\",\"target\":{\"@type\":\"EntryPoint\",\"urlTemplate\":\"https:\/\/www2.bbs-me.de\/?s={search_term_string}\"},\"query-input\":\"required name=search_term_string\"}],\"inLanguage\":\"de\"}]}<\/script>\n<!-- \/ Yoast SEO plugin. -->","yoast_head_json":{"title":"Schulpartnerschaften - UVCC - bbs|me","robots":{"index":"index","follow":"follow","max-snippet":"max-snippet:-1","max-image-preview":"max-image-preview:large","max-video-preview":"max-video-preview:-1"},"canonical":"https:\/\/www2.bbs-me.de\/index.php\/partnerschulen-2\/schulpartnerschaften-uvcc\/","og_locale":"de_DE","og_type":"article","og_title":"Schulpartnerschaften - UVCC - bbs|me","og_url":"https:\/\/www2.bbs-me.de\/index.php\/partnerschulen-2\/schulpartnerschaften-uvcc\/","og_site_name":"bbs|me","article_modified_time":"2022-08-29T19:51:22+00:00","twitter_card":"summary_large_image","twitter_misc":{"Gesch\u00e4tzte Lesezeit":"2\u00a0Minuten"},"schema":{"@context":"https:\/\/schema.org","@graph":[{"@type":"WebPage","@id":"https:\/\/www2.bbs-me.de\/index.php\/partnerschulen-2\/schulpartnerschaften-uvcc\/","url":"https:\/\/www2.bbs-me.de\/index.php\/partnerschulen-2\/schulpartnerschaften-uvcc\/","name":"Schulpartnerschaften - UVCC - bbs|me","isPartOf":{"@id":"https:\/\/www2.bbs-me.de\/#website"},"datePublished":"2019-09-30T10:17:35+00:00","dateModified":"2022-08-29T19:51:22+00:00","breadcrumb":{"@id":"https:\/\/www2.bbs-me.de\/index.php\/partnerschulen-2\/schulpartnerschaften-uvcc\/#breadcrumb"},"inLanguage":"de","potentialAction":[{"@type":"ReadAction","target":["https:\/\/www2.bbs-me.de\/index.php\/partnerschulen-2\/schulpartnerschaften-uvcc\/"]}]},{"@type":"BreadcrumbList","@id":"https:\/\/www2.bbs-me.de\/index.php\/partnerschulen-2\/schulpartnerschaften-uvcc\/#breadcrumb","itemListElement":[{"@type":"ListItem","position":1,"name":"Startseite","item":"https:\/\/www2.bbs-me.de\/"},{"@type":"ListItem","position":2,"name":"Schulpartnerschaften","item":"https:\/\/www2.bbs-me.de\/index.php\/partnerschulen-2\/"},{"@type":"ListItem","position":3,"name":"Schulpartnerschaften &#8211; UVCC"}]},{"@type":"WebSite","@id":"https:\/\/www2.bbs-me.de\/#website","url":"https:\/\/www2.bbs-me.de\/","name":"bbs|me","description":"Otto-Brenner-Schule - Berufsbildende Schule Metalltechnik \u2022 Elektrotechnik der Region Hannover","potentialAction":[{"@type":"SearchAction","target":{"@type":"EntryPoint","urlTemplate":"https:\/\/www2.bbs-me.de\/?s={search_term_string}"},"query-input":"required name=search_term_string"}],"inLanguage":"de"}]}},"publishpress_future_action":{"enabled":false,"date":"2026-04-12 20:38:11","action":"change-status","newStatus":"draft","terms":[],"taxonomy":"page_category"},"_links":{"self":[{"href":"https:\/\/www2.bbs-me.de\/index.php\/wp-json\/wp\/v2\/pages\/17354"}],"collection":[{"href":"https:\/\/www2.bbs-me.de\/index.php\/wp-json\/wp\/v2\/pages"}],"about":[{"href":"https:\/\/www2.bbs-me.de\/index.php\/wp-json\/wp\/v2\/types\/page"}],"author":[{"embeddable":true,"href":"https:\/\/www2.bbs-me.de\/index.php\/wp-json\/wp\/v2\/users\/8"}],"replies":[{"embeddable":true,"href":"https:\/\/www2.bbs-me.de\/index.php\/wp-json\/wp\/v2\/comments?post=17354"}],"version-history":[{"count":16,"href":"https:\/\/www2.bbs-me.de\/index.php\/wp-json\/wp\/v2\/pages\/17354\/revisions"}],"predecessor-version":[{"id":24679,"href":"https:\/\/www2.bbs-me.de\/index.php\/wp-json\/wp\/v2\/pages\/17354\/revisions\/24679"}],"up":[{"embeddable":true,"href":"https:\/\/www2.bbs-me.de\/index.php\/wp-json\/wp\/v2\/pages\/17344"}],"wp:attachment":[{"href":"https:\/\/www2.bbs-me.de\/index.php\/wp-json\/wp\/v2\/media?parent=17354"}],"wp:term":[{"taxonomy":"page_category","embeddable":true,"href":"https:\/\/www2.bbs-me.de\/index.php\/wp-json\/wp\/v2\/page_category?post=17354"}],"curies":[{"name":"wp","href":"https:\/\/api.w.org\/{rel}","templated":true}]}}