{"id":20499,"date":"2020-12-17T16:26:58","date_gmt":"2020-12-17T15:26:58","guid":{"rendered":"https:\/\/www2.bbs-me.de\/?page_id=20499"},"modified":"2024-02-21T16:44:04","modified_gmt":"2024-02-21T15:44:04","slug":"unterstutzungsmoglichkeiten","status":"publish","type":"page","link":"https:\/\/www2.bbs-me.de\/index.php\/startseite-dev-dropdown\/technikerschule-2\/unterstutzungsmoglichkeiten\/","title":{"rendered":"Unterst\u00fctzungsm\u00f6glichkeiten"},"content":{"rendered":"<section class=\"av_textblock_section \"  itemscope=\"itemscope\" itemtype=\"https:\/\/schema.org\/CreativeWork\" ><div class='avia_textblock  '   itemprop=\"text\" ><h2 id=\"block-38476572-1b80-479b-b52c-b02dbb154c1e\" class=\"block-editor-block-list__block wp-block is-selected rich-text block-editor-rich-text__editable wp-block\" role=\"textbox\" aria-label=\"Schreib eine \u00dcberschrift\u2026\" data-block=\"38476572-1b80-479b-b52c-b02dbb154c1e\" data-type=\"core\/heading\" data-title=\"\u00dcberschrift\"><span class=\"has-inline-color\" style=\"color: #1aa2dc\" data-rich-text-format-boundary=\"true\">F\u00f6rdergemeinschaft der Technikerschule Hannover<\/span><\/h2>\n<\/div><\/section>\n<section class=\"av_textblock_section \"  itemscope=\"itemscope\" itemtype=\"https:\/\/schema.org\/CreativeWork\" ><div class='avia_textblock  '  style='font-size:20px; '  itemprop=\"text\" ><h2><span style=\"color: #808080\"><strong>Unterst\u00fctzungsm\u00f6glichkeiten<\/strong><\/span><\/h2>\n<hr \/>\n<\/div><\/section>\n<section class=\"av_textblock_section \"  itemscope=\"itemscope\" itemtype=\"https:\/\/schema.org\/CreativeWork\" ><div class='avia_textblock  '  style='font-size:16px; '  itemprop=\"text\" ><p>Grunds\u00e4tzlich k\u00f6nnen Sie unseren F\u00f6rderverein auf drei unterschiedliche Arten unterst\u00fctzen:<\/p>\n<\/div><\/section>\n<div class=\"flex_column av_one_half  flex_column_div first  avia-builder-el-3  el_after_av_textblock  el_before_av_one_half  column-top-margin\" ><div  class='avia-icon-list-container   avia-builder-el-4  avia-builder-el-no-sibling '><ul class='avia-icon-list avia-icon-list-left av-iconlist-big avia_animate_when_almost_visible avia-iconlist-animate'>\n<li><div  class='iconlist_icon  avia-font-entypo-fontello'><span class='iconlist-char ' aria-hidden='true' data-av_icon='\ue80c' data-av_iconfont='entypo-fontello'><\/span><\/div><article class=\"article-icon-entry \"  itemscope=\"itemscope\" itemtype=\"https:\/\/schema.org\/CreativeWork\" ><div class='iconlist_content_wrap'><header class=\"entry-content-header\"><h4 class='av_iconlist_title iconlist_title   '  itemprop=\"headline\"  >Mitglied werden<\/h4><\/header><div class='iconlist_content  '  itemprop=\"text\"  ><p>Werden Sie Mitglied in unserer F\u00f6rdergemeinschaft!<\/p>\n<p>Die Mitgliedsbeitr\u00e4ge unterscheiden sich nach Status und betragen f\u00fcr:<\/p>\n<ul>\n<li>Sch\u00fcler 10 \u20ac<\/li>\n<li>Einzelpersonen 30 \u20ac<\/li>\n<li>Verb\u00e4nde und Vereine 220 \u20ac<\/li>\n<li>Unternehmen 300 \u20ac<\/li>\n<\/ul>\n<p>Alle notwendigen Antr\u00e4ge mit SEPA Lastschriftmandat finden Sie im Folgenden:<\/p>\n<ul>\n<li><a href=\"https:\/\/www2.bbs-me.de\/wp-content\/uploads\/2024\/02\/Personen-Antrag-SEPA-ausfuellbar.pdf\">Mitgliedsantrag Einzelpersonen &amp; Sch\u00fcler<\/a><\/li>\n<li><a href=\"https:\/\/www2.bbs-me.de\/wp-content\/uploads\/2024\/02\/Firmen-Antrag-SEPA-ausfuellbar.pdf\">Mitgliedsantrag Unternehmen<\/a><\/li>\n<li>M<a href=\"https:\/\/www2.bbs-me.de\/wp-content\/uploads\/2024\/02\/Vereine-u.-Verbaende-Antrag-SEPA-ausfuellbar.pdf\">itgliedsantrag Vereine und Verb\u00e4nde<\/a><\/li>\n<\/ul>\n<p>Bitte senden Sie die ausgef\u00fcllten Antr\u00e4ge an Herrn <a href=\"mailto:goldau@bbs-me.de\">Goldau<\/a> oder Herrn <a href=\"mailto:wolf@bbs-me.de\">Wolf<\/a>.<\/p>\n<\/div><\/div><footer class=\"entry-footer\"><\/footer><\/article><div class='iconlist-timeline'><\/div><\/li>\n<li><div  class='iconlist_icon  avia-font-entypo-fontello'><span class='iconlist-char ' aria-hidden='true' data-av_icon='\ue92a' data-av_iconfont='entypo-fontello'><\/span><\/div><article class=\"article-icon-entry \"  itemscope=\"itemscope\" itemtype=\"https:\/\/schema.org\/CreativeWork\" ><div class='iconlist_content_wrap'><header class=\"entry-content-header\"><h4 class='av_iconlist_title iconlist_title   '  itemprop=\"headline\"  >Einmalspende<\/h4><\/header><div class='iconlist_content  '  itemprop=\"text\"  ><p>Sie k\u00f6nnen eine Geldspende oder eine Sachspende t\u00e4tigen.<\/p>\n<p>Geldspenden bitte auf folgendes Konto:<\/p>\n<p>IBAN: DE87 2507 0070 0069 7151 00<\/p>\n<p>BIC: DEUTDE2HXXX<\/p>\n<p><em>Eine Spendenbescheinigung stellen wir ab einem Betrag von 150 \u20ac gerne aus.<\/em><\/p>\n<p>F\u00fcr Sachspenden treten Sie bitte in Kontakt mit unseren Ansprechpartnern Herrn <a href=\"mailto:goldau@bbs-me.de\">Goldau<\/a> oder Herrn <a href=\"mailto:wolf@bbs-me.de\">Wolf<\/a>.<\/p>\n<\/div><\/div><footer class=\"entry-footer\"><\/footer><\/article><div class='iconlist-timeline'><\/div><\/li>\n<li><div  class='iconlist_icon  avia-font-entypo-fontello'><span class='iconlist-char ' aria-hidden='true' data-av_icon='\ue859' data-av_iconfont='entypo-fontello'><\/span><\/div><article class=\"article-icon-entry \"  itemscope=\"itemscope\" itemtype=\"https:\/\/schema.org\/CreativeWork\" ><div class='iconlist_content_wrap'><header class=\"entry-content-header\"><h4 class='av_iconlist_title iconlist_title   '  itemprop=\"headline\"  >Rechnungs\u00fcbernahme<\/h4><\/header><div class='iconlist_content  '  itemprop=\"text\"  ><p>Oft ist es gerade f\u00fcr Unternehmen ein hoher b\u00fcrokratischer Aufwand, eine j\u00e4hrliche Zahlung durch Mitgliedschaft in unserem F\u00f6rderverein genehmigt zu bekommen.<\/p>\n<p>Sprechen Sie uns einfach an, ob sie uns aktuell mit der \u00dcbernahme einer Rechnung unterst\u00fctzen k\u00f6nnen. (z.B. ein neues Messger\u00e4t f\u00fcr unser Labor)<\/p>\n<\/div><\/div><footer class=\"entry-footer\"><\/footer><\/article><div class='iconlist-timeline'><\/div><\/li>\n<\/ul><\/div><\/div><div class=\"flex_column av_one_half  flex_column_div   avia-builder-el-5  el_after_av_one_half  el_before_av_textblock  column-top-margin\" ><div  class='avia-image-container  av-styling-    avia-builder-el-6  avia-builder-el-no-sibling  avia-align-center '  itemprop=\"image\" itemscope=\"itemscope\" itemtype=\"https:\/\/schema.org\/ImageObject\"  ><div class='avia-image-container-inner'><div class='avia-image-overlay-wrap'><a href='https:\/\/www2.bbs-me.de\/wp-content\/uploads\/2021\/12\/wand-18-12-21-scaled.jpg' class='avia_image'  ><img class='avia_image ' src='https:\/\/www2.bbs-me.de\/wp-content\/uploads\/2022\/12\/Wand-Nov-22-495x400.jpg' alt='' title='Wand Nov 22'  itemprop=\"thumbnailUrl\"  \/><\/a><\/div><\/div><\/div><\/div><\/p>\n<section class=\"av_textblock_section \"  itemscope=\"itemscope\" itemtype=\"https:\/\/schema.org\/CreativeWork\" ><div class='avia_textblock  '   itemprop=\"text\" ><p>Ansprechpartner:<\/p>\n<p>Simon Goldau, E-Mail: <a href=\"mailto:goldau@bbs-me.de\">goldau@bbs-me.de<\/a><\/p>\n<p>Konrad Wolf, E-Mail: <a href=\"mailto:wolf@bbs-me.de\">wolf@bbs-me.de<\/a><\/p>\n<\/div><\/section>\n","protected":false},"excerpt":{"rendered":"","protected":false},"author":64,"featured_media":0,"parent":3436,"menu_order":0,"comment_status":"closed","ping_status":"closed","template":"","meta":{"footnotes":""},"page_category":[],"yoast_head":"<!-- This site is optimized with the Yoast SEO plugin v22.8 - https:\/\/yoast.com\/wordpress\/plugins\/seo\/ -->\n<title>Unterst\u00fctzungsm\u00f6glichkeiten - bbs|me<\/title>\n<meta name=\"robots\" content=\"index, follow, max-snippet:-1, max-image-preview:large, max-video-preview:-1\" \/>\n<link rel=\"canonical\" href=\"https:\/\/www2.bbs-me.de\/index.php\/startseite-dev-dropdown\/technikerschule-2\/unterstutzungsmoglichkeiten\/\" \/>\n<meta property=\"og:locale\" content=\"de_DE\" \/>\n<meta property=\"og:type\" content=\"article\" \/>\n<meta property=\"og:title\" content=\"Unterst\u00fctzungsm\u00f6glichkeiten - bbs|me\" \/>\n<meta property=\"og:url\" content=\"https:\/\/www2.bbs-me.de\/index.php\/startseite-dev-dropdown\/technikerschule-2\/unterstutzungsmoglichkeiten\/\" \/>\n<meta property=\"og:site_name\" content=\"bbs|me\" \/>\n<meta property=\"article:modified_time\" content=\"2024-02-21T15:44:04+00:00\" \/>\n<meta name=\"twitter:card\" content=\"summary_large_image\" \/>\n<meta name=\"twitter:label1\" content=\"Gesch\u00e4tzte Lesezeit\" \/>\n\t<meta name=\"twitter:data1\" content=\"2\u00a0Minuten\" \/>\n<script type=\"application\/ld+json\" class=\"yoast-schema-graph\">{\"@context\":\"https:\/\/schema.org\",\"@graph\":[{\"@type\":\"WebPage\",\"@id\":\"https:\/\/www2.bbs-me.de\/index.php\/startseite-dev-dropdown\/technikerschule-2\/unterstutzungsmoglichkeiten\/\",\"url\":\"https:\/\/www2.bbs-me.de\/index.php\/startseite-dev-dropdown\/technikerschule-2\/unterstutzungsmoglichkeiten\/\",\"name\":\"Unterst\u00fctzungsm\u00f6glichkeiten - bbs|me\",\"isPartOf\":{\"@id\":\"https:\/\/www2.bbs-me.de\/#website\"},\"datePublished\":\"2020-12-17T15:26:58+00:00\",\"dateModified\":\"2024-02-21T15:44:04+00:00\",\"breadcrumb\":{\"@id\":\"https:\/\/www2.bbs-me.de\/index.php\/startseite-dev-dropdown\/technikerschule-2\/unterstutzungsmoglichkeiten\/#breadcrumb\"},\"inLanguage\":\"de\",\"potentialAction\":[{\"@type\":\"ReadAction\",\"target\":[\"https:\/\/www2.bbs-me.de\/index.php\/startseite-dev-dropdown\/technikerschule-2\/unterstutzungsmoglichkeiten\/\"]}]},{\"@type\":\"BreadcrumbList\",\"@id\":\"https:\/\/www2.bbs-me.de\/index.php\/startseite-dev-dropdown\/technikerschule-2\/unterstutzungsmoglichkeiten\/#breadcrumb\",\"itemListElement\":[{\"@type\":\"ListItem\",\"position\":1,\"name\":\"Startseite\",\"item\":\"https:\/\/www2.bbs-me.de\/\"},{\"@type\":\"ListItem\",\"position\":2,\"name\":\"Startseite\",\"item\":\"https:\/\/www2.bbs-me.de\/\"},{\"@type\":\"ListItem\",\"position\":3,\"name\":\"Technikerschule\",\"item\":\"https:\/\/www2.bbs-me.de\/index.php\/startseite-dev-dropdown\/technikerschule-2\/\"},{\"@type\":\"ListItem\",\"position\":4,\"name\":\"Unterst\u00fctzungsm\u00f6glichkeiten\"}]},{\"@type\":\"WebSite\",\"@id\":\"https:\/\/www2.bbs-me.de\/#website\",\"url\":\"https:\/\/www2.bbs-me.de\/\",\"name\":\"bbs|me\",\"description\":\"Otto-Brenner-Schule - Berufsbildende Schule Metalltechnik \u2022 Elektrotechnik der Region Hannover\",\"potentialAction\":[{\"@type\":\"SearchAction\",\"target\":{\"@type\":\"EntryPoint\",\"urlTemplate\":\"https:\/\/www2.bbs-me.de\/?s={search_term_string}\"},\"query-input\":\"required name=search_term_string\"}],\"inLanguage\":\"de\"}]}<\/script>\n<!-- \/ Yoast SEO plugin. -->","yoast_head_json":{"title":"Unterst\u00fctzungsm\u00f6glichkeiten - bbs|me","robots":{"index":"index","follow":"follow","max-snippet":"max-snippet:-1","max-image-preview":"max-image-preview:large","max-video-preview":"max-video-preview:-1"},"canonical":"https:\/\/www2.bbs-me.de\/index.php\/startseite-dev-dropdown\/technikerschule-2\/unterstutzungsmoglichkeiten\/","og_locale":"de_DE","og_type":"article","og_title":"Unterst\u00fctzungsm\u00f6glichkeiten - bbs|me","og_url":"https:\/\/www2.bbs-me.de\/index.php\/startseite-dev-dropdown\/technikerschule-2\/unterstutzungsmoglichkeiten\/","og_site_name":"bbs|me","article_modified_time":"2024-02-21T15:44:04+00:00","twitter_card":"summary_large_image","twitter_misc":{"Gesch\u00e4tzte Lesezeit":"2\u00a0Minuten"},"schema":{"@context":"https:\/\/schema.org","@graph":[{"@type":"WebPage","@id":"https:\/\/www2.bbs-me.de\/index.php\/startseite-dev-dropdown\/technikerschule-2\/unterstutzungsmoglichkeiten\/","url":"https:\/\/www2.bbs-me.de\/index.php\/startseite-dev-dropdown\/technikerschule-2\/unterstutzungsmoglichkeiten\/","name":"Unterst\u00fctzungsm\u00f6glichkeiten - bbs|me","isPartOf":{"@id":"https:\/\/www2.bbs-me.de\/#website"},"datePublished":"2020-12-17T15:26:58+00:00","dateModified":"2024-02-21T15:44:04+00:00","breadcrumb":{"@id":"https:\/\/www2.bbs-me.de\/index.php\/startseite-dev-dropdown\/technikerschule-2\/unterstutzungsmoglichkeiten\/#breadcrumb"},"inLanguage":"de","potentialAction":[{"@type":"ReadAction","target":["https:\/\/www2.bbs-me.de\/index.php\/startseite-dev-dropdown\/technikerschule-2\/unterstutzungsmoglichkeiten\/"]}]},{"@type":"BreadcrumbList","@id":"https:\/\/www2.bbs-me.de\/index.php\/startseite-dev-dropdown\/technikerschule-2\/unterstutzungsmoglichkeiten\/#breadcrumb","itemListElement":[{"@type":"ListItem","position":1,"name":"Startseite","item":"https:\/\/www2.bbs-me.de\/"},{"@type":"ListItem","position":2,"name":"Startseite","item":"https:\/\/www2.bbs-me.de\/"},{"@type":"ListItem","position":3,"name":"Technikerschule","item":"https:\/\/www2.bbs-me.de\/index.php\/startseite-dev-dropdown\/technikerschule-2\/"},{"@type":"ListItem","position":4,"name":"Unterst\u00fctzungsm\u00f6glichkeiten"}]},{"@type":"WebSite","@id":"https:\/\/www2.bbs-me.de\/#website","url":"https:\/\/www2.bbs-me.de\/","name":"bbs|me","description":"Otto-Brenner-Schule - Berufsbildende Schule Metalltechnik \u2022 Elektrotechnik der Region Hannover","potentialAction":[{"@type":"SearchAction","target":{"@type":"EntryPoint","urlTemplate":"https:\/\/www2.bbs-me.de\/?s={search_term_string}"},"query-input":"required name=search_term_string"}],"inLanguage":"de"}]}},"publishpress_future_action":{"enabled":false,"date":"2026-04-12 20:54:17","action":"change-status","newStatus":"draft","terms":[],"taxonomy":"page_category"},"_links":{"self":[{"href":"https:\/\/www2.bbs-me.de\/index.php\/wp-json\/wp\/v2\/pages\/20499"}],"collection":[{"href":"https:\/\/www2.bbs-me.de\/index.php\/wp-json\/wp\/v2\/pages"}],"about":[{"href":"https:\/\/www2.bbs-me.de\/index.php\/wp-json\/wp\/v2\/types\/page"}],"author":[{"embeddable":true,"href":"https:\/\/www2.bbs-me.de\/index.php\/wp-json\/wp\/v2\/users\/64"}],"replies":[{"embeddable":true,"href":"https:\/\/www2.bbs-me.de\/index.php\/wp-json\/wp\/v2\/comments?post=20499"}],"version-history":[{"count":27,"href":"https:\/\/www2.bbs-me.de\/index.php\/wp-json\/wp\/v2\/pages\/20499\/revisions"}],"predecessor-version":[{"id":27320,"href":"https:\/\/www2.bbs-me.de\/index.php\/wp-json\/wp\/v2\/pages\/20499\/revisions\/27320"}],"up":[{"embeddable":true,"href":"https:\/\/www2.bbs-me.de\/index.php\/wp-json\/wp\/v2\/pages\/3436"}],"wp:attachment":[{"href":"https:\/\/www2.bbs-me.de\/index.php\/wp-json\/wp\/v2\/media?parent=20499"}],"wp:term":[{"taxonomy":"page_category","embeddable":true,"href":"https:\/\/www2.bbs-me.de\/index.php\/wp-json\/wp\/v2\/page_category?post=20499"}],"curies":[{"name":"wp","href":"https:\/\/api.w.org\/{rel}","templated":true}]}}