{"id":25245,"date":"2022-12-19T17:56:58","date_gmt":"2022-12-19T16:56:58","guid":{"rendered":"https:\/\/www2.bbs-me.de\/?page_id=25245"},"modified":"2023-01-08T19:28:06","modified_gmt":"2023-01-08T18:28:06","slug":"ftz-additive-fertigung","status":"publish","type":"page","link":"https:\/\/www2.bbs-me.de\/index.php\/kompetenzzentren\/fertigungstechnik\/ftz-additive-fertigung\/","title":{"rendered":"FTZ &#8211; additive Fertigung"},"content":{"rendered":"<div id='basic-article'  class='av-layout-grid-container entry-content-wrapper header_color av-flex-cells     avia-builder-el-0  el_before_av_layout_row  avia-builder-el-first  container_wrap sidebar_right' style=' '  >\n<div class=\"flex_cell no_margin av_one_full  avia-builder-el-1  avia-builder-el-no-sibling   \"  style='vertical-align:top; padding:30px; ' ><div class='flex_cell_inner' ><p><div  style='padding-bottom:10px; ' class='av-special-heading av-special-heading-h1  blockquote modern-quote  avia-builder-el-2  el_before_av_hr  avia-builder-el-first  '><h1 class='av-special-heading-tag '  itemprop=\"headline\"  >additive Fertigung <\/h1><div class='special-heading-border'><div class='special-heading-inner-border' ><\/div><\/div><\/div><br \/>\n<div   class='hr hr-default   avia-builder-el-3  el_after_av_heading  el_before_av_textblock '><span class='hr-inner ' ><span class='hr-inner-style'><\/span><\/span><\/div><br \/>\n<section class=\"av_textblock_section \"  itemscope=\"itemscope\" itemtype=\"https:\/\/schema.org\/CreativeWork\" ><div class='avia_textblock  '  style='font-size:16px; '  itemprop=\"text\" ><p><a href=\"https:\/\/www2.bbs-me.de\/wp-content\/uploads\/2022\/12\/Screenshot-2022-12-19-153208.png\"><img loading=\"lazy\" decoding=\"async\" class=\"size-medium wp-image-25248 alignright\" src=\"https:\/\/www2.bbs-me.de\/wp-content\/uploads\/2022\/12\/Screenshot-2022-12-19-153208-300x220.png\" alt=\"\" width=\"300\" height=\"220\" srcset=\"https:\/\/www2.bbs-me.de\/wp-content\/uploads\/2022\/12\/Screenshot-2022-12-19-153208-300x220.png 300w, https:\/\/www2.bbs-me.de\/wp-content\/uploads\/2022\/12\/Screenshot-2022-12-19-153208-1030x754.png 1030w, https:\/\/www2.bbs-me.de\/wp-content\/uploads\/2022\/12\/Screenshot-2022-12-19-153208-768x562.png 768w, https:\/\/www2.bbs-me.de\/wp-content\/uploads\/2022\/12\/Screenshot-2022-12-19-153208-1536x1124.png 1536w, https:\/\/www2.bbs-me.de\/wp-content\/uploads\/2022\/12\/Screenshot-2022-12-19-153208-1500x1098.png 1500w, https:\/\/www2.bbs-me.de\/wp-content\/uploads\/2022\/12\/Screenshot-2022-12-19-153208-705x516.png 705w, https:\/\/www2.bbs-me.de\/wp-content\/uploads\/2022\/12\/Screenshot-2022-12-19-153208.png 1737w\" sizes=\"(max-width: 300px) 100vw, 300px\" \/><\/a><\/p>\n<p>Der 3D-Druck, so die landl\u00e4ufige Bezeichnung f\u00fcr die additive Fertigung, beschreibt den Aufbau von Werkst\u00fccken in Schichten und ohne Werkzeug. Ziel ist es durch das gezielte Einbringen, Verfestigen, Aufschmelzen oder Aush\u00e4rten eines formlosen Stoffes einen dreidimensionalen K\u00f6rper zu\u00a0 erstellen und dabei die Nachteile der klassischen subtraktiven Fertigung zu umgehen.<\/p>\n<p>Die additive Fertigung hat sich in den letzten Jahren aus der Nische des Prototypen- und Modellbaus herausgearbeitet. Nicht nur das viele Privathaushalte bereits \u00fcber einfache 3D-Drucker verf\u00fcgen, auch komplexere Ger\u00e4te finden immer mehr Anwendung in klassischen Lohnfertigungsunternehmen der Region. Dieser Trend ist nat\u00fcrlich auch an der bbs|<span style=\"color: #0000ff\">m<span style=\"color: #ff00ff\">e<\/span><\/span> angekommen, sodass bereits viele Fachgruppen und Bildungsg\u00e4nge \u00fcber einzelne Drucker verf\u00fcgen. Damit werden u.a. Sch\u00fclerprojekte und Anschauungsmaterialien hergestellt. Doch auch die Vermittlung von Design- und Konstruktionsregeln, der Vergleich verschiedener additiver Fertigungsverfahren und -werkstoffe oder das Bedenken neuer Fertigungsprozessstrukturen finden Eingang in den Unterricht.<\/p>\n<p>Besonders in diesem Bereich ist die bbs|<span style=\"color: #0000ff\">m<span style=\"color: #ff00ff\">e<\/span><\/span> gut aufgestellt: Neben den \u00fcblichen FDM-Kunststoffdruckern, die heute in fast allen allgemeinbildenden Schulen \u00fcblich sind, k\u00f6nnen bei Bedarf hochgenaue und detaillierte Druckobjekte aus Polymerharz im UV-Belichtungsdrucker hergestellt werden. Dieses Verfahren findet \u00fcberwiegend bei Projekten mit geringen Festigkeitsanforderungen Verwendung.<\/p>\n<p>Bei steigenden Belastungen der Druckteile kann auf FDM-Kunststoffdrucker mit unterschiedlichen Filamentarten zur\u00fcckgegriffen werden.<\/p>\n<p>F\u00fcr besondere Anforderungen und spezielle Konstruktions\u00fcbungen werden die Highlights der Schule verwendet: Der Markforged Onyx Pro, ein Nylonfilamentdrucker, der seine Druckobjekte zus\u00e4tzlich Hightechfasern schichtweise verst\u00e4rkt. Mit dieser Faserverst\u00e4rkung durch z.B. Glas- Carbon- oder Kevlarfaser lassen sich hochfeste und zugleich flexible Konstruktionen erreichen.<\/p>\n<p>Wird zudem noch eine erh\u00f6hte Temperaturbest\u00e4ndigkeit bei gleichzeitig hohen Kr\u00e4ften gefordert ist jedoch bei den Kunststoffdruckern in der Regel schnell die Grenze der des Machbaren erreicht. Auch hier bietet die Schule eine L\u00f6sung an. Mit dem Markforged Metal X lassen sich auch 3D Objekte aus Stahl und Kupfer fertigen und durch klassische CNC-Zerspanung um weitere Aspekte modernen Fertigens erg\u00e4nzen.<\/p>\n<p>Auch f\u00fcr besonders gro\u00dfe Druckobjekte stellt die Technikerschule eine L\u00f6sung bereit: Multimaterialdruck mit XX Litern Bauraum.<\/p>\n<p>All diese M\u00f6glichkeiten werden auf unterschiedlichen Niveaus in der Schule genutzt und finden immer wieder Eingang in fach- und berufsgruppen\u00fcbergreifenden Unterricht und Projekte, wie z.B. die seit 2017 regelm\u00e4\u00dfig stattfindenden Zusatzangebote der Metallberufe zum Bau oder Inbetriebnahme von 3D Druckern f\u00fcr den Heimgebrauch. 2021 und 2022 traten Sch\u00fcler im europ\u00e4ischen Konstruktionswettbewerb gegen andere Schulen europaweit an und waren jeweils auf dem Siegertreppchen zu finden. Auf der Ideenexpo2022 in Hannover pr\u00e4sentierten Sch\u00fcler der Technikerschule zusammen mit Auszubildenden der Werkzeugmechaniker die M\u00f6glichkeiten der vernetzten Fertigung ganz im Sinne eines Industrie 4.0-Ansatzes.<\/p>\n<p>Derzeit befindet sich das Werkstoffpr\u00fcflabor im Aufbau, um 3D gedruckte Bauteile zuk\u00fcnftig besser objektiv und vergleichbar Teilen der klassischen Fertigung gegen\u00fcberstellen zu k\u00f6nnen.<\/p>\n<p>Das Fertigungstechnische Lernzentrum verbindet zudem unsere Partner in der dualen Ausbildung mit der Forschung. Die Planungen f\u00fcr gemeinschaftliche Veranstaltungen mit Niedersachsen additiv, der Laserakademie Hannover und Berufsschulen der Region laufen und werden zuk\u00fcnftig weiteren Aufschwung in die Welt der Fertigung bringen, nicht nur an der bbs|<span style=\"color: #0000ff\">m<span style=\"color: #ff00ff\">e<\/span><\/span>.<\/p>\n<\/div><\/section><\/p>\n<\/div><\/div>\n<\/div>\n<div id='av-layout-grid-2'  class='av-layout-grid-container entry-content-wrapper header_color av-flex-cells     avia-builder-el-5  el_after_av_layout_row  el_before_av_layout_row  submenu-not-first container_wrap sidebar_right' style=' '  >\n<div class=\"flex_cell no_margin av_one_half  avia-builder-el-6  el_before_av_cell_one_half  avia-builder-el-first   \"  style='vertical-align:top; padding:30px; ' ><div class='flex_cell_inner' ><p><div   class='hr hr-default   avia-builder-el-7  el_before_av_hr  avia-builder-el-first '><span class='hr-inner ' ><span class='hr-inner-style'><\/span><\/span><\/div><br \/>\n<div   class='hr hr-default   avia-builder-el-8  el_after_av_hr  avia-builder-el-last '><span class='hr-inner ' ><span class='hr-inner-style'><\/span><\/span><\/div><\/p>\n<\/div><\/div><div class=\"flex_cell no_margin av_one_half  avia-builder-el-9  el_after_av_cell_one_half  avia-builder-el-last   \"  style='vertical-align:top; padding:30px; ' ><div class='flex_cell_inner' ><div   data-size='medium'  data-lightbox_size='large'  data-animation='fade'  data-conditional_play=''  data-ids='25310,25305,25306,25307,25308,25309,25311,25312,25313,25304,25314'  data-video_counter='0'  data-autoplay='true'  data-bg_slider='false'  data-slide_height=''  data-handle='av_slideshow'  data-interval='4'  data-class=' avia-builder-el-10  avia-builder-el-no-sibling   avia-small-width-slider avia-super-small-width-slider'  data-el_id=''  data-css_id=''  data-scroll_down=''  data-control_layout='av-control-default'  data-custom_markup=''  data-perma_caption=''  data-autoplay_stopper=''  data-image_attachment=''  data-min_height='0px'  class='avia-slideshow avia-slideshow-1  av-control-default av-default-height-applied avia-slideshow-medium av_slideshow  avia-builder-el-10  avia-builder-el-no-sibling   avia-small-width-slider avia-super-small-width-slider avia-fade-slider '  itemprop=\"image\" itemscope=\"itemscope\" itemtype=\"https:\/\/schema.org\/ImageObject\" ><ul class='avia-slideshow-inner ' style='padding-bottom: 75%;' ><li  class=' slide-1 ' ><div data-rel='slideshow-1' class='avia-slide-wrap '   ><img src='https:\/\/www2.bbs-me.de\/wp-content\/uploads\/2023\/01\/IMG_0238-1_1-300x225.jpeg' width='300' height='225' title='IMG_0238-1_1' alt=''  itemprop=\"thumbnailUrl\"   \/><\/div><\/li><li  class=' slide-2 ' ><div data-rel='slideshow-1' class='avia-slide-wrap '   ><img src='https:\/\/www2.bbs-me.de\/wp-content\/uploads\/2023\/01\/IMG_3613_1-225x300.jpg' width='225' height='300' title='IMG_3613_1' alt=''  itemprop=\"thumbnailUrl\"   \/><\/div><\/li><li  class=' slide-3 ' ><div data-rel='slideshow-1' class='avia-slide-wrap '   ><img src='https:\/\/www2.bbs-me.de\/wp-content\/uploads\/2023\/01\/IMG_3227_1-225x300.jpg' width='225' height='300' title='IMG_3227_1' alt=''  itemprop=\"thumbnailUrl\"   \/><\/div><\/li><li  class=' slide-4 ' ><div data-rel='slideshow-1' class='avia-slide-wrap '   ><img src='https:\/\/www2.bbs-me.de\/wp-content\/uploads\/2023\/01\/IMG_3226_1-225x300.jpg' width='225' height='300' title='IMG_3226_1' alt=''  itemprop=\"thumbnailUrl\"   \/><\/div><\/li><li  class=' slide-5 ' ><div data-rel='slideshow-1' class='avia-slide-wrap '   ><img src='https:\/\/www2.bbs-me.de\/wp-content\/uploads\/2023\/01\/IMG_3222_1-300x225.jpg' width='300' height='225' title='IMG_3222_1' alt=''  itemprop=\"thumbnailUrl\"   \/><\/div><\/li><li  class=' slide-6 ' ><div data-rel='slideshow-1' class='avia-slide-wrap '   ><img src='https:\/\/www2.bbs-me.de\/wp-content\/uploads\/2023\/01\/IMG_0476-2_1-225x300.jpeg' width='225' height='300' title='IMG_0476 (2)_1' alt=''  itemprop=\"thumbnailUrl\"   \/><\/div><\/li><li  class=' slide-7 ' ><div data-rel='slideshow-1' class='avia-slide-wrap '   ><img src='https:\/\/www2.bbs-me.de\/wp-content\/uploads\/2023\/01\/IMG_0233_1-225x300.jpeg' width='225' height='300' title='IMG_0233_1' alt=''  itemprop=\"thumbnailUrl\"   \/><\/div><\/li><li  class=' slide-8 ' ><div data-rel='slideshow-1' class='avia-slide-wrap '   ><img src='https:\/\/www2.bbs-me.de\/wp-content\/uploads\/2023\/01\/IMG_0219_1-225x300.jpeg' width='225' height='300' title='IMG_0219_1' alt=''  itemprop=\"thumbnailUrl\"   \/><\/div><\/li><li  class=' slide-9 ' ><div data-rel='slideshow-1' class='avia-slide-wrap '   ><img src='https:\/\/www2.bbs-me.de\/wp-content\/uploads\/2023\/01\/IMG_0218_1-225x300.jpeg' width='225' height='300' title='IMG_0218_1' alt=''  itemprop=\"thumbnailUrl\"   \/><\/div><\/li><li  class=' slide-10 ' ><div data-rel='slideshow-1' class='avia-slide-wrap '   ><img src='https:\/\/www2.bbs-me.de\/wp-content\/uploads\/2023\/01\/IMG_3540_1-225x300.jpg' width='225' height='300' title='IMG_3540_1' alt=''  itemprop=\"thumbnailUrl\"   \/><\/div><\/li><li  class=' slide-11 ' ><div data-rel='slideshow-1' class='avia-slide-wrap '   ><img src='https:\/\/www2.bbs-me.de\/wp-content\/uploads\/2023\/01\/IMG_0217_1-225x300.jpeg' width='225' height='300' title='IMG_0217_1' alt=''  itemprop=\"thumbnailUrl\"   \/><\/div><\/li><\/ul><div class='avia-slideshow-arrows avia-slideshow-controls'><a href='#prev' class='prev-slide' aria-hidden='true' data-av_icon='\ue87c' data-av_iconfont='entypo-fontello'>Zur\u00fcck<\/a><a href='#next' class='next-slide' aria-hidden='true' data-av_icon='\ue87d' data-av_iconfont='entypo-fontello'>Weiter<\/a><\/div><div class='avia-slideshow-dots avia-slideshow-controls'><a href='#1' class='goto-slide active' >1<\/a><a href='#2' class='goto-slide ' >2<\/a><a href='#3' class='goto-slide ' >3<\/a><a href='#4' class='goto-slide ' >4<\/a><a href='#5' class='goto-slide ' >5<\/a><a href='#6' class='goto-slide ' >6<\/a><a href='#7' class='goto-slide ' >7<\/a><a href='#8' class='goto-slide ' >8<\/a><a href='#9' class='goto-slide ' >9<\/a><a href='#10' class='goto-slide ' >10<\/a><a href='#11' class='goto-slide ' >11<\/a><\/div><\/div>\n<\/div><\/div><\/div><div id='av-layout-grid-3'  class='av-layout-grid-container entry-content-wrapper header_color av-flex-cells     avia-builder-el-11  el_after_av_layout_row  el_before_av_hr  submenu-not-first container_wrap sidebar_right' style=' '  >\n<div class=\"flex_cell no_margin av_one_half  avia-builder-el-12  el_before_av_cell_one_half  avia-builder-el-first   \"  style='vertical-align:top; padding:30px; ' ><div class='flex_cell_inner' ><\/div><\/div><div class=\"flex_cell no_margin av_one_half  avia-builder-el-13  el_after_av_cell_one_half  avia-builder-el-last   \"  style='vertical-align:top; padding:30px; ' ><div class='flex_cell_inner' ><\/div><\/div>\n<\/div><div id='after_submenu_3'  class='main_color av_default_container_wrap container_wrap sidebar_right' style=' '  ><div class='container' ><div class='template-page content  av-content-small alpha units'><div class='post-entry post-entry-type-page post-entry-25245'><div class='entry-content-wrapper clearfix'><\/p>\n<div  style='height:20px' class='hr hr-invisible   avia-builder-el-14  el_after_av_layout_row  avia-builder-el-no-sibling '><span class='hr-inner ' ><span class='hr-inner-style'><\/span><\/span><\/div>\n","protected":false},"excerpt":{"rendered":"","protected":false},"author":28,"featured_media":0,"parent":4269,"menu_order":0,"comment_status":"closed","ping_status":"closed","template":"","meta":{"footnotes":""},"page_category":[81],"yoast_head":"<!-- This site is optimized with the Yoast SEO plugin v22.8 - https:\/\/yoast.com\/wordpress\/plugins\/seo\/ -->\n<title>FTZ - additive Fertigung - bbs|me<\/title>\n<meta name=\"robots\" content=\"index, follow, max-snippet:-1, max-image-preview:large, max-video-preview:-1\" \/>\n<link rel=\"canonical\" href=\"https:\/\/www2.bbs-me.de\/index.php\/kompetenzzentren\/fertigungstechnik\/ftz-additive-fertigung\/\" \/>\n<meta property=\"og:locale\" content=\"de_DE\" \/>\n<meta property=\"og:type\" content=\"article\" \/>\n<meta property=\"og:title\" content=\"FTZ - additive Fertigung - bbs|me\" \/>\n<meta property=\"og:url\" content=\"https:\/\/www2.bbs-me.de\/index.php\/kompetenzzentren\/fertigungstechnik\/ftz-additive-fertigung\/\" \/>\n<meta property=\"og:site_name\" content=\"bbs|me\" \/>\n<meta property=\"article:modified_time\" content=\"2023-01-08T18:28:06+00:00\" \/>\n<meta property=\"og:image\" content=\"https:\/\/www2.bbs-me.de\/wp-content\/uploads\/2022\/12\/Screenshot-2022-12-19-153208-300x220.png\" \/>\n<meta name=\"twitter:card\" content=\"summary_large_image\" \/>\n<meta name=\"twitter:label1\" content=\"Gesch\u00e4tzte Lesezeit\" \/>\n\t<meta name=\"twitter:data1\" content=\"6\u00a0Minuten\" \/>\n<script type=\"application\/ld+json\" class=\"yoast-schema-graph\">{\"@context\":\"https:\/\/schema.org\",\"@graph\":[{\"@type\":\"WebPage\",\"@id\":\"https:\/\/www2.bbs-me.de\/index.php\/kompetenzzentren\/fertigungstechnik\/ftz-additive-fertigung\/\",\"url\":\"https:\/\/www2.bbs-me.de\/index.php\/kompetenzzentren\/fertigungstechnik\/ftz-additive-fertigung\/\",\"name\":\"FTZ - additive Fertigung - bbs|me\",\"isPartOf\":{\"@id\":\"https:\/\/www2.bbs-me.de\/#website\"},\"primaryImageOfPage\":{\"@id\":\"https:\/\/www2.bbs-me.de\/index.php\/kompetenzzentren\/fertigungstechnik\/ftz-additive-fertigung\/#primaryimage\"},\"image\":{\"@id\":\"https:\/\/www2.bbs-me.de\/index.php\/kompetenzzentren\/fertigungstechnik\/ftz-additive-fertigung\/#primaryimage\"},\"thumbnailUrl\":\"https:\/\/www2.bbs-me.de\/wp-content\/uploads\/2022\/12\/Screenshot-2022-12-19-153208-300x220.png\",\"datePublished\":\"2022-12-19T16:56:58+00:00\",\"dateModified\":\"2023-01-08T18:28:06+00:00\",\"breadcrumb\":{\"@id\":\"https:\/\/www2.bbs-me.de\/index.php\/kompetenzzentren\/fertigungstechnik\/ftz-additive-fertigung\/#breadcrumb\"},\"inLanguage\":\"de\",\"potentialAction\":[{\"@type\":\"ReadAction\",\"target\":[\"https:\/\/www2.bbs-me.de\/index.php\/kompetenzzentren\/fertigungstechnik\/ftz-additive-fertigung\/\"]}]},{\"@type\":\"ImageObject\",\"inLanguage\":\"de\",\"@id\":\"https:\/\/www2.bbs-me.de\/index.php\/kompetenzzentren\/fertigungstechnik\/ftz-additive-fertigung\/#primaryimage\",\"url\":\"https:\/\/www2.bbs-me.de\/wp-content\/uploads\/2022\/12\/Screenshot-2022-12-19-153208.png\",\"contentUrl\":\"https:\/\/www2.bbs-me.de\/wp-content\/uploads\/2022\/12\/Screenshot-2022-12-19-153208.png\",\"width\":1737,\"height\":1271},{\"@type\":\"BreadcrumbList\",\"@id\":\"https:\/\/www2.bbs-me.de\/index.php\/kompetenzzentren\/fertigungstechnik\/ftz-additive-fertigung\/#breadcrumb\",\"itemListElement\":[{\"@type\":\"ListItem\",\"position\":1,\"name\":\"Startseite\",\"item\":\"https:\/\/www2.bbs-me.de\/\"},{\"@type\":\"ListItem\",\"position\":2,\"name\":\"Lernzentren\",\"item\":\"https:\/\/www2.bbs-me.de\/index.php\/kompetenzzentren\/\"},{\"@type\":\"ListItem\",\"position\":3,\"name\":\"FTZ &#8211; Fertigungstechnisches Lernzentrum\",\"item\":\"https:\/\/www2.bbs-me.de\/index.php\/kompetenzzentren\/fertigungstechnik\/\"},{\"@type\":\"ListItem\",\"position\":4,\"name\":\"FTZ &#8211; additive Fertigung\"}]},{\"@type\":\"WebSite\",\"@id\":\"https:\/\/www2.bbs-me.de\/#website\",\"url\":\"https:\/\/www2.bbs-me.de\/\",\"name\":\"bbs|me\",\"description\":\"Otto-Brenner-Schule - Berufsbildende Schule Metalltechnik \u2022 Elektrotechnik der Region Hannover\",\"potentialAction\":[{\"@type\":\"SearchAction\",\"target\":{\"@type\":\"EntryPoint\",\"urlTemplate\":\"https:\/\/www2.bbs-me.de\/?s={search_term_string}\"},\"query-input\":\"required name=search_term_string\"}],\"inLanguage\":\"de\"}]}<\/script>\n<!-- \/ Yoast SEO plugin. -->","yoast_head_json":{"title":"FTZ - additive Fertigung - bbs|me","robots":{"index":"index","follow":"follow","max-snippet":"max-snippet:-1","max-image-preview":"max-image-preview:large","max-video-preview":"max-video-preview:-1"},"canonical":"https:\/\/www2.bbs-me.de\/index.php\/kompetenzzentren\/fertigungstechnik\/ftz-additive-fertigung\/","og_locale":"de_DE","og_type":"article","og_title":"FTZ - additive Fertigung - bbs|me","og_url":"https:\/\/www2.bbs-me.de\/index.php\/kompetenzzentren\/fertigungstechnik\/ftz-additive-fertigung\/","og_site_name":"bbs|me","article_modified_time":"2023-01-08T18:28:06+00:00","og_image":[{"url":"https:\/\/www2.bbs-me.de\/wp-content\/uploads\/2022\/12\/Screenshot-2022-12-19-153208-300x220.png"}],"twitter_card":"summary_large_image","twitter_misc":{"Gesch\u00e4tzte Lesezeit":"6\u00a0Minuten"},"schema":{"@context":"https:\/\/schema.org","@graph":[{"@type":"WebPage","@id":"https:\/\/www2.bbs-me.de\/index.php\/kompetenzzentren\/fertigungstechnik\/ftz-additive-fertigung\/","url":"https:\/\/www2.bbs-me.de\/index.php\/kompetenzzentren\/fertigungstechnik\/ftz-additive-fertigung\/","name":"FTZ - additive Fertigung - bbs|me","isPartOf":{"@id":"https:\/\/www2.bbs-me.de\/#website"},"primaryImageOfPage":{"@id":"https:\/\/www2.bbs-me.de\/index.php\/kompetenzzentren\/fertigungstechnik\/ftz-additive-fertigung\/#primaryimage"},"image":{"@id":"https:\/\/www2.bbs-me.de\/index.php\/kompetenzzentren\/fertigungstechnik\/ftz-additive-fertigung\/#primaryimage"},"thumbnailUrl":"https:\/\/www2.bbs-me.de\/wp-content\/uploads\/2022\/12\/Screenshot-2022-12-19-153208-300x220.png","datePublished":"2022-12-19T16:56:58+00:00","dateModified":"2023-01-08T18:28:06+00:00","breadcrumb":{"@id":"https:\/\/www2.bbs-me.de\/index.php\/kompetenzzentren\/fertigungstechnik\/ftz-additive-fertigung\/#breadcrumb"},"inLanguage":"de","potentialAction":[{"@type":"ReadAction","target":["https:\/\/www2.bbs-me.de\/index.php\/kompetenzzentren\/fertigungstechnik\/ftz-additive-fertigung\/"]}]},{"@type":"ImageObject","inLanguage":"de","@id":"https:\/\/www2.bbs-me.de\/index.php\/kompetenzzentren\/fertigungstechnik\/ftz-additive-fertigung\/#primaryimage","url":"https:\/\/www2.bbs-me.de\/wp-content\/uploads\/2022\/12\/Screenshot-2022-12-19-153208.png","contentUrl":"https:\/\/www2.bbs-me.de\/wp-content\/uploads\/2022\/12\/Screenshot-2022-12-19-153208.png","width":1737,"height":1271},{"@type":"BreadcrumbList","@id":"https:\/\/www2.bbs-me.de\/index.php\/kompetenzzentren\/fertigungstechnik\/ftz-additive-fertigung\/#breadcrumb","itemListElement":[{"@type":"ListItem","position":1,"name":"Startseite","item":"https:\/\/www2.bbs-me.de\/"},{"@type":"ListItem","position":2,"name":"Lernzentren","item":"https:\/\/www2.bbs-me.de\/index.php\/kompetenzzentren\/"},{"@type":"ListItem","position":3,"name":"FTZ &#8211; Fertigungstechnisches Lernzentrum","item":"https:\/\/www2.bbs-me.de\/index.php\/kompetenzzentren\/fertigungstechnik\/"},{"@type":"ListItem","position":4,"name":"FTZ &#8211; additive Fertigung"}]},{"@type":"WebSite","@id":"https:\/\/www2.bbs-me.de\/#website","url":"https:\/\/www2.bbs-me.de\/","name":"bbs|me","description":"Otto-Brenner-Schule - Berufsbildende Schule Metalltechnik \u2022 Elektrotechnik der Region Hannover","potentialAction":[{"@type":"SearchAction","target":{"@type":"EntryPoint","urlTemplate":"https:\/\/www2.bbs-me.de\/?s={search_term_string}"},"query-input":"required name=search_term_string"}],"inLanguage":"de"}]}},"publishpress_future_action":{"enabled":false,"date":"2026-04-12 20:37:41","action":"change-status","newStatus":"draft","terms":[],"taxonomy":"page_category"},"_links":{"self":[{"href":"https:\/\/www2.bbs-me.de\/index.php\/wp-json\/wp\/v2\/pages\/25245"}],"collection":[{"href":"https:\/\/www2.bbs-me.de\/index.php\/wp-json\/wp\/v2\/pages"}],"about":[{"href":"https:\/\/www2.bbs-me.de\/index.php\/wp-json\/wp\/v2\/types\/page"}],"author":[{"embeddable":true,"href":"https:\/\/www2.bbs-me.de\/index.php\/wp-json\/wp\/v2\/users\/28"}],"replies":[{"embeddable":true,"href":"https:\/\/www2.bbs-me.de\/index.php\/wp-json\/wp\/v2\/comments?post=25245"}],"version-history":[{"count":5,"href":"https:\/\/www2.bbs-me.de\/index.php\/wp-json\/wp\/v2\/pages\/25245\/revisions"}],"predecessor-version":[{"id":25315,"href":"https:\/\/www2.bbs-me.de\/index.php\/wp-json\/wp\/v2\/pages\/25245\/revisions\/25315"}],"up":[{"embeddable":true,"href":"https:\/\/www2.bbs-me.de\/index.php\/wp-json\/wp\/v2\/pages\/4269"}],"wp:attachment":[{"href":"https:\/\/www2.bbs-me.de\/index.php\/wp-json\/wp\/v2\/media?parent=25245"}],"wp:term":[{"taxonomy":"page_category","embeddable":true,"href":"https:\/\/www2.bbs-me.de\/index.php\/wp-json\/wp\/v2\/page_category?post=25245"}],"curies":[{"name":"wp","href":"https:\/\/api.w.org\/{rel}","templated":true}]}}