{"id":3598,"date":"2016-02-23T11:50:36","date_gmt":"2016-02-23T10:50:36","guid":{"rendered":"https:\/\/www2.bbs-me.de\/?page_id=3598"},"modified":"2025-02-20T09:16:43","modified_gmt":"2025-02-20T08:16:43","slug":"fachoberschule-technik","status":"publish","type":"page","link":"https:\/\/www2.bbs-me.de\/index.php\/startseite-dev-dropdown\/fachoberschule-technik\/","title":{"rendered":"Fachoberschule Technik"},"content":{"rendered":"<div class=\"flex_column av_two_fifth  flex_column_div first  avia-builder-el-0  el_before_av_three_fifth  avia-builder-el-first  \" ><section class=\"av_textblock_section \"  itemscope=\"itemscope\" itemtype=\"https:\/\/schema.org\/CreativeWork\" ><div class='avia_textblock  av_inherit_color '  style='font-size:20px; color:#111111; '  itemprop=\"text\" ><h3><strong>Dein Weg zum Bachelor of Engineering \u2013 die Klasse 12 der Fachoberschule Technik an der BBS ME<\/strong><\/h3>\n<\/div><\/section><br \/>\n<div  style='height:30px' class='hr hr-invisible   avia-builder-el-2  el_after_av_textblock  el_before_av_textblock '><span class='hr-inner ' ><span class='hr-inner-style'><\/span><\/span><\/div><br \/>\n<section class=\"av_textblock_section \"  itemscope=\"itemscope\" itemtype=\"https:\/\/schema.org\/CreativeWork\" ><div class='avia_textblock  '  style='font-size:14px; '  itemprop=\"text\" ><p><strong>Starte durch mit Technik!<\/strong> Die Fachoberschule Technik (FOS Technik) bietet dir den perfekten Einstieg in ein Studium im Bereich Technik \u2013 ob im Bereich Elektrotechnik oder Metalltechnik.<\/p>\n<p><strong>DEIN Interesse z\u00e4hlt!<\/strong> Bei uns kannst du die <strong>allgemeine Fachhochschulreife<\/strong> erlangen, mit der dir <strong>alle Fachrichtungen<\/strong> an (Fach-)Hochschulen offenstehen.<\/p>\n<\/div><\/section><\/p><\/div>\n<div class=\"flex_column av_three_fifth  flex_column_div av-zero-column-padding   avia-builder-el-4  el_after_av_two_fifth  el_before_av_hr  \" style='border-radius:0px; '><p><div  class='avia-image-container  av-styling-    avia-builder-el-5  el_before_av_image  avia-builder-el-first  avia-align-center '  itemprop=\"image\" itemscope=\"itemscope\" itemtype=\"https:\/\/schema.org\/ImageObject\"  ><div class='avia-image-container-inner'><div class='avia-image-overlay-wrap'><img class='avia_image' src='https:\/\/www2.bbs-me.de\/wp-content\/uploads\/2016\/09\/FOTA15-web-klein.jpg' alt='' title='FOTA15 web klein' height=\"336\" width=\"372\"  itemprop=\"thumbnailUrl\"  \/><\/div><\/div><\/div><br \/>\n<div  class='avia-image-container  av-styling-    avia-builder-el-6  el_after_av_image  avia-builder-el-last  avia-align-center '  itemprop=\"image\" itemscope=\"itemscope\" itemtype=\"https:\/\/schema.org\/ImageObject\"  ><div class='avia-image-container-inner'><div class='avia-image-overlay-wrap'><img class='avia_image' src='https:\/\/www2.bbs-me.de\/wp-content\/uploads\/2016\/03\/FOTA15-1-2016-Gruppe-mit-sarah-web.jpg' alt='' title=''   itemprop=\"thumbnailUrl\"  \/><\/div><\/div><\/div><\/p><\/div>\n<div  style='height:50px' class='hr hr-invisible   avia-builder-el-7  el_after_av_three_fifth  el_before_av_textblock '><span class='hr-inner ' ><span class='hr-inner-style'><\/span><\/span><\/div>\n<section class=\"av_textblock_section \"  itemscope=\"itemscope\" itemtype=\"https:\/\/schema.org\/CreativeWork\" ><div class='avia_textblock  '  style='font-size:14px; '  itemprop=\"text\" ><h4><strong>Anmeldung \u2013 so geht\u2019s:<\/strong><\/h4>\n<ul>\n<li><strong>Checkliste f\u00fcr Unterlagen:<\/strong>\n<ul>\n<li><span style=\"color: #0000ff\"><u><a style=\"color: #0000ff\" href=\"https:\/\/www.hannover.de\/content\/download\/392729\/file\/21.15.45-2024019551%20-%2042420_40.01-12_Formular_Anmeldg_Berufsschule%20Interaktiv%20neu%20rz.pdf\">Anmeldebogen<\/a><\/u><\/span> der Region Hannover<\/li>\n<li>Tabellarischer Lebenslauf (unterschrieben)<\/li>\n<li>Aktuelles oder letztes Zeugnis (Original und Kopie)<\/li>\n<li>Facharbeiterzeugnis\/Gesellenbrief und Berufsschulzeugnis (kann auch nachgereicht werden)<\/li>\n<\/ul>\n<\/li>\n<li>\n<h3><strong>Fragen?<\/strong> Kontaktiere Frau Hackmann: <u><span style=\"color: #0000ff\">hackmann@bbs-me.de<\/span><\/u><\/h3>\n<\/li>\n<\/ul>\n<\/div><\/section>\n<section class=\"av_textblock_section \"  itemscope=\"itemscope\" itemtype=\"https:\/\/schema.org\/CreativeWork\" ><div class='avia_textblock  '  style='font-size:14px; '  itemprop=\"text\" ><h2><span style=\"color: #3366ff\"><strong>Bewirb dich jetzt online unter: <\/strong><\/span><\/h2>\n<h2><span style=\"color: #3366ff\"><span style=\"color: #0000ff\"><u><a style=\"color: #0000ff\" href=\"https:\/\/anmeldung.bbs-me.org\">https:\/\/anmeldung.bbs-me.org<\/a><\/u><\/span><\/span><\/h2>\n<p>Melde dich sp\u00e4testens bis Ende Mai eines jeden Jahres f\u00fcr die Klasse 12 der FOS Technik an! Fehlende Unterlagen wie Facharbeiterzeugnisse kannst du nachreichen. \u00dcber die Aufnahme in die Fachoberschule entscheidet die Schule in Abh\u00e4ngigkeit von vorhandenen Kapazit\u00e4ten.<\/p>\n<\/div><\/section>\n<div class=\"flex_column av_one_full  flex_column_div first  avia-builder-el-10  el_after_av_textblock  el_before_av_one_full  column-top-margin\" ><section class=\"av_textblock_section \"  itemscope=\"itemscope\" itemtype=\"https:\/\/schema.org\/CreativeWork\" ><div class='avia_textblock  '  style='font-size:14px; '  itemprop=\"text\" ><h4><strong>Warum die Fachoberschule Technik?<\/strong><\/h4>\n<ul>\n<li><strong>Zwei Schwerpunkte:<\/strong> In unseren Schwerpunkten <strong>Elektrotechnik<\/strong> oder <strong>Metalltechnik<\/strong> bereiten wir dich gezielt auf das Ingenieurstudium vor.<\/li>\n<li><strong>Schnell ans Ziel:<\/strong> Mit einer abgeschlossenen Berufsausbildung oder Grundausbildung in der<span style=\"color: #0000ff\"> <u><a style=\"color: #0000ff\" href=\"https:\/\/www2.bbs-me.de\/index.php\/bfs-dual-technik\/\">BFS dual Technik (F-Strang)<\/u><\/a> <\/span>steigst du direkt in Klasse 12 ein und bist schon nach <strong>einem Jahr<\/strong> fertig.<\/li>\n<li><strong>Optimal vorbereitet:<\/strong> Der Unterricht kn\u00fcpft an berufliche und betriebliche Erfahrungen an. Er bietet damit die perfekte Grundlage f\u00fcr ein erfolgreiches Ingenieurstudium.<\/li>\n<\/ul>\n<\/div><\/section><br \/>\n<div  style='height:30px' class='hr hr-invisible   avia-builder-el-12  el_after_av_textblock  el_before_av_textblock '><span class='hr-inner ' ><span class='hr-inner-style'><\/span><\/span><\/div><br \/>\n<section class=\"av_textblock_section \"  itemscope=\"itemscope\" itemtype=\"https:\/\/schema.org\/CreativeWork\" ><div class='avia_textblock  '  style='font-size:14px; '  itemprop=\"text\" ><h4><strong>Das erwartet dich im Unterricht<\/strong><\/h4>\n<p>Neben F\u00e4chern wie <strong>Technikgrundlagen<\/strong> und <strong>Techniks<\/strong><strong>c<\/strong><strong>hwerpunkten<\/strong> stehen auch wichtige F\u00e4cher wie <strong>Mathematik<\/strong>, <strong>Englisch, Deutsch<\/strong> und <strong>Naturwissenschaften<\/strong> auf dem Plan. Dein Abschluss umfasst schriftliche Pr\u00fcfungen in <strong>Deutsch<\/strong>, <strong>Englisch<\/strong>, <strong>Mathematik<\/strong> und <strong>Technik<\/strong> \u2013 f\u00fcr maximale Flexibilit\u00e4t im Studium.<\/p>\n<\/div><\/section><br \/>\n<div  style='height:30px' class='hr hr-invisible   avia-builder-el-14  el_after_av_textblock  el_before_av_hr '><span class='hr-inner ' ><span class='hr-inner-style'><\/span><\/span><\/div><br \/>\n<div  style='height:30px' class='hr hr-invisible   avia-builder-el-15  el_after_av_hr  el_before_av_hr '><span class='hr-inner ' ><span class='hr-inner-style'><\/span><\/span><\/div><br \/>\n<div  style='height:15px' class='hr hr-invisible   avia-builder-el-16  el_after_av_hr  avia-builder-el-last '><span class='hr-inner ' ><span class='hr-inner-style'><\/span><\/span><\/div><\/p><\/div><div class=\"flex_column av_one_full  flex_column_div first  avia-builder-el-17  el_after_av_one_full  el_before_av_one_full  column-top-margin\" ><p><section class=\"av_textblock_section \"  itemscope=\"itemscope\" itemtype=\"https:\/\/schema.org\/CreativeWork\" ><div class='avia_textblock  '  style='font-size:18px; '  itemprop=\"text\" ><p><strong>Neues f\u00fcr die Fachoberschule Technik<\/strong><\/p>\n<\/div><\/section><br \/>\n<\/p><\/div><\/p>\n<div class=\"flex_column av_one_full  flex_column_div first  avia-builder-el-20  el_after_av_one_full  el_before_av_layout_row  avia-builder-el-last  column-top-margin\" ><p><section class=\"av_textblock_section \"  itemscope=\"itemscope\" itemtype=\"https:\/\/schema.org\/CreativeWork\" ><div class='avia_textblock  '  style='font-size:18px; '  itemprop=\"text\" ><p><strong>Neues f\u00fcr die Fachoberschule Technik<\/strong><\/p>\n<\/div><\/section><br \/>\n<\/p><\/div>\n<\/div><\/div><\/div><!-- close content main div --><\/div><\/div><div id='downloads'  class='av-layout-grid-container entry-content-wrapper main_color av-fixed-cells     avia-builder-el-23  el_after_av_one_full  avia-builder-el-last  submenu-not-first container_wrap sidebar_right' style=' '  >\n<div class=\"flex_cell no_margin av_one_full  avia-builder-el-24  avia-builder-el-no-sibling   \"  style='vertical-align:top; padding:66px 49px 30px 50px ; background-color:#cecece; ' ><div class='flex_cell_inner' ><p><div class=\"flex_column av_one_half  flex_column_div first  avia-builder-el-25  el_before_av_one_half  avia-builder-el-first  \" ><div  class='avia-icon-list-container   avia-builder-el-26  avia-builder-el-no-sibling '><ul class='avia-icon-list avia-icon-list-left av-iconlist-big avia_animate_when_almost_visible avia-iconlist-animate'>\n<li><a href='https:\/\/www2.bbs-me.de\/index.php\/download\/20248\/' title='Flyer Fachoberschule Technik'  target=\"_blank\"   style='background-color:#ffffff; color:#6097bf; ' class='iconlist_icon  avia-font-entypo-fontello'><span class='iconlist-char ' aria-hidden='true' data-av_icon='\ue81e' data-av_iconfont='entypo-fontello'><\/span><\/a><article class=\"article-icon-entry av-iconlist-empty\"  itemscope=\"itemscope\" itemtype=\"https:\/\/schema.org\/CreativeWork\" ><div class='iconlist_content_wrap'><header class=\"entry-content-header\"><h4 class='av_iconlist_title iconlist_title   '  itemprop=\"headline\"  ><a href='https:\/\/www2.bbs-me.de\/index.php\/download\/20248\/' title='Flyer Fachoberschule Technik' target=\"_blank\" >Flyer Fachoberschule Technik<\/a><\/h4><\/header><div class='iconlist_content  '  itemprop=\"text\"  ><\/div><\/div><footer class=\"entry-footer\"><\/footer><\/article><div class='iconlist-timeline'><\/div><\/li>\n<li><a href='https:\/\/www2.bbs-me.de\/wp-content\/uploads\/2016\/02\/1.11-FOT-3.9-ANM-30-01-REV.02-Praktikantenvertrag.pdf' title='Praktikumsvertrag'  target=\"_blank\"   style='background-color:#ffffff; color:#6097bf; ' class='iconlist_icon  avia-font-entypo-fontello'><span class='iconlist-char ' aria-hidden='true' data-av_icon='\ue82d' data-av_iconfont='entypo-fontello'><\/span><\/a><article class=\"article-icon-entry av-iconlist-empty\"  itemscope=\"itemscope\" itemtype=\"https:\/\/schema.org\/CreativeWork\" ><div class='iconlist_content_wrap'><header class=\"entry-content-header\"><h4 class='av_iconlist_title iconlist_title   '  itemprop=\"headline\"  ><a href='https:\/\/www2.bbs-me.de\/wp-content\/uploads\/2016\/02\/1.11-FOT-3.9-ANM-30-01-REV.02-Praktikantenvertrag.pdf' title='Praktikumsvertrag' target=\"_blank\" >Praktikumsvertrag<\/a><\/h4><\/header><div class='iconlist_content  '  itemprop=\"text\"  ><\/div><\/div><footer class=\"entry-footer\"><\/footer><\/article><div class='iconlist-timeline'><\/div><\/li>\n<\/ul><\/div><\/div><div class=\"flex_column av_one_half  flex_column_div   avia-builder-el-27  el_after_av_one_half  avia-builder-el-last  \" ><div  class='avia-icon-list-container   avia-builder-el-28  avia-builder-el-no-sibling '><ul class='avia-icon-list avia-icon-list-left av-iconlist-big avia_animate_when_almost_visible avia-iconlist-animate'>\n<li><a href='https:\/\/www2.bbs-me.de\/index.php\/terminkalender-fot\/' title='Klausurplaner'  target=\"_blank\"   style='background-color:#ffffff; color:#6097bf; ' class='iconlist_icon  avia-font-entypo-fontello'><span class='iconlist-char ' aria-hidden='true' data-av_icon='\ue862' data-av_iconfont='entypo-fontello'><\/span><\/a><article class=\"article-icon-entry av-iconlist-empty\"  itemscope=\"itemscope\" itemtype=\"https:\/\/schema.org\/CreativeWork\" ><div class='iconlist_content_wrap'><header class=\"entry-content-header\"><h4 class='av_iconlist_title iconlist_title   '  itemprop=\"headline\"  ><a href='https:\/\/www2.bbs-me.de\/index.php\/terminkalender-fot\/' title='Klausurplaner' target=\"_blank\" >Klausurplaner<\/a><\/h4><\/header><div class='iconlist_content  '  itemprop=\"text\"  ><\/div><\/div><footer class=\"entry-footer\"><\/footer><\/article><div class='iconlist-timeline'><\/div><\/li>\n<\/ul><\/div><\/div><\/p>\n<\/div><\/div>\n<\/div>\n","protected":false},"excerpt":{"rendered":"","protected":false},"author":27,"featured_media":3604,"parent":2383,"menu_order":0,"comment_status":"closed","ping_status":"closed","template":"","meta":{"footnotes":""},"page_category":[],"yoast_head":"<!-- This site is optimized with the Yoast SEO plugin v22.8 - https:\/\/yoast.com\/wordpress\/plugins\/seo\/ -->\n<title>Fachoberschule Technik - bbs|me<\/title>\n<meta name=\"robots\" content=\"index, follow, max-snippet:-1, max-image-preview:large, max-video-preview:-1\" \/>\n<link rel=\"canonical\" href=\"https:\/\/www2.bbs-me.de\/index.php\/startseite-dev-dropdown\/fachoberschule-technik\/\" \/>\n<meta property=\"og:locale\" content=\"de_DE\" \/>\n<meta property=\"og:type\" content=\"article\" \/>\n<meta property=\"og:title\" content=\"Fachoberschule Technik - bbs|me\" \/>\n<meta property=\"og:url\" content=\"https:\/\/www2.bbs-me.de\/index.php\/startseite-dev-dropdown\/fachoberschule-technik\/\" \/>\n<meta property=\"og:site_name\" content=\"bbs|me\" \/>\n<meta property=\"article:modified_time\" content=\"2025-02-20T08:16:43+00:00\" \/>\n<meta property=\"og:image\" content=\"https:\/\/www2.bbs-me.de\/wp-content\/uploads\/2016\/02\/05dfa667f1.jpg\" \/>\n\t<meta property=\"og:image:width\" content=\"300\" \/>\n\t<meta property=\"og:image:height\" content=\"271\" \/>\n\t<meta property=\"og:image:type\" content=\"image\/jpeg\" \/>\n<meta name=\"twitter:card\" content=\"summary_large_image\" \/>\n<meta name=\"twitter:label1\" content=\"Gesch\u00e4tzte Lesezeit\" \/>\n\t<meta name=\"twitter:data1\" content=\"4\u00a0Minuten\" \/>\n<script type=\"application\/ld+json\" class=\"yoast-schema-graph\">{\"@context\":\"https:\/\/schema.org\",\"@graph\":[{\"@type\":\"WebPage\",\"@id\":\"https:\/\/www2.bbs-me.de\/index.php\/startseite-dev-dropdown\/fachoberschule-technik\/\",\"url\":\"https:\/\/www2.bbs-me.de\/index.php\/startseite-dev-dropdown\/fachoberschule-technik\/\",\"name\":\"Fachoberschule Technik - bbs|me\",\"isPartOf\":{\"@id\":\"https:\/\/www2.bbs-me.de\/#website\"},\"primaryImageOfPage\":{\"@id\":\"https:\/\/www2.bbs-me.de\/index.php\/startseite-dev-dropdown\/fachoberschule-technik\/#primaryimage\"},\"image\":{\"@id\":\"https:\/\/www2.bbs-me.de\/index.php\/startseite-dev-dropdown\/fachoberschule-technik\/#primaryimage\"},\"thumbnailUrl\":\"https:\/\/www2.bbs-me.de\/wp-content\/uploads\/2016\/02\/05dfa667f1.jpg\",\"datePublished\":\"2016-02-23T10:50:36+00:00\",\"dateModified\":\"2025-02-20T08:16:43+00:00\",\"breadcrumb\":{\"@id\":\"https:\/\/www2.bbs-me.de\/index.php\/startseite-dev-dropdown\/fachoberschule-technik\/#breadcrumb\"},\"inLanguage\":\"de\",\"potentialAction\":[{\"@type\":\"ReadAction\",\"target\":[\"https:\/\/www2.bbs-me.de\/index.php\/startseite-dev-dropdown\/fachoberschule-technik\/\"]}]},{\"@type\":\"ImageObject\",\"inLanguage\":\"de\",\"@id\":\"https:\/\/www2.bbs-me.de\/index.php\/startseite-dev-dropdown\/fachoberschule-technik\/#primaryimage\",\"url\":\"https:\/\/www2.bbs-me.de\/wp-content\/uploads\/2016\/02\/05dfa667f1.jpg\",\"contentUrl\":\"https:\/\/www2.bbs-me.de\/wp-content\/uploads\/2016\/02\/05dfa667f1.jpg\",\"width\":300,\"height\":271},{\"@type\":\"BreadcrumbList\",\"@id\":\"https:\/\/www2.bbs-me.de\/index.php\/startseite-dev-dropdown\/fachoberschule-technik\/#breadcrumb\",\"itemListElement\":[{\"@type\":\"ListItem\",\"position\":1,\"name\":\"Startseite\",\"item\":\"https:\/\/www2.bbs-me.de\/\"},{\"@type\":\"ListItem\",\"position\":2,\"name\":\"Startseite\",\"item\":\"https:\/\/www2.bbs-me.de\/\"},{\"@type\":\"ListItem\",\"position\":3,\"name\":\"Fachoberschule Technik\"}]},{\"@type\":\"WebSite\",\"@id\":\"https:\/\/www2.bbs-me.de\/#website\",\"url\":\"https:\/\/www2.bbs-me.de\/\",\"name\":\"bbs|me\",\"description\":\"Otto-Brenner-Schule - Berufsbildende Schule Metalltechnik \u2022 Elektrotechnik der Region Hannover\",\"potentialAction\":[{\"@type\":\"SearchAction\",\"target\":{\"@type\":\"EntryPoint\",\"urlTemplate\":\"https:\/\/www2.bbs-me.de\/?s={search_term_string}\"},\"query-input\":\"required name=search_term_string\"}],\"inLanguage\":\"de\"}]}<\/script>\n<!-- \/ Yoast SEO plugin. -->","yoast_head_json":{"title":"Fachoberschule Technik - bbs|me","robots":{"index":"index","follow":"follow","max-snippet":"max-snippet:-1","max-image-preview":"max-image-preview:large","max-video-preview":"max-video-preview:-1"},"canonical":"https:\/\/www2.bbs-me.de\/index.php\/startseite-dev-dropdown\/fachoberschule-technik\/","og_locale":"de_DE","og_type":"article","og_title":"Fachoberschule Technik - bbs|me","og_url":"https:\/\/www2.bbs-me.de\/index.php\/startseite-dev-dropdown\/fachoberschule-technik\/","og_site_name":"bbs|me","article_modified_time":"2025-02-20T08:16:43+00:00","og_image":[{"width":300,"height":271,"url":"https:\/\/www2.bbs-me.de\/wp-content\/uploads\/2016\/02\/05dfa667f1.jpg","type":"image\/jpeg"}],"twitter_card":"summary_large_image","twitter_misc":{"Gesch\u00e4tzte Lesezeit":"4\u00a0Minuten"},"schema":{"@context":"https:\/\/schema.org","@graph":[{"@type":"WebPage","@id":"https:\/\/www2.bbs-me.de\/index.php\/startseite-dev-dropdown\/fachoberschule-technik\/","url":"https:\/\/www2.bbs-me.de\/index.php\/startseite-dev-dropdown\/fachoberschule-technik\/","name":"Fachoberschule Technik - bbs|me","isPartOf":{"@id":"https:\/\/www2.bbs-me.de\/#website"},"primaryImageOfPage":{"@id":"https:\/\/www2.bbs-me.de\/index.php\/startseite-dev-dropdown\/fachoberschule-technik\/#primaryimage"},"image":{"@id":"https:\/\/www2.bbs-me.de\/index.php\/startseite-dev-dropdown\/fachoberschule-technik\/#primaryimage"},"thumbnailUrl":"https:\/\/www2.bbs-me.de\/wp-content\/uploads\/2016\/02\/05dfa667f1.jpg","datePublished":"2016-02-23T10:50:36+00:00","dateModified":"2025-02-20T08:16:43+00:00","breadcrumb":{"@id":"https:\/\/www2.bbs-me.de\/index.php\/startseite-dev-dropdown\/fachoberschule-technik\/#breadcrumb"},"inLanguage":"de","potentialAction":[{"@type":"ReadAction","target":["https:\/\/www2.bbs-me.de\/index.php\/startseite-dev-dropdown\/fachoberschule-technik\/"]}]},{"@type":"ImageObject","inLanguage":"de","@id":"https:\/\/www2.bbs-me.de\/index.php\/startseite-dev-dropdown\/fachoberschule-technik\/#primaryimage","url":"https:\/\/www2.bbs-me.de\/wp-content\/uploads\/2016\/02\/05dfa667f1.jpg","contentUrl":"https:\/\/www2.bbs-me.de\/wp-content\/uploads\/2016\/02\/05dfa667f1.jpg","width":300,"height":271},{"@type":"BreadcrumbList","@id":"https:\/\/www2.bbs-me.de\/index.php\/startseite-dev-dropdown\/fachoberschule-technik\/#breadcrumb","itemListElement":[{"@type":"ListItem","position":1,"name":"Startseite","item":"https:\/\/www2.bbs-me.de\/"},{"@type":"ListItem","position":2,"name":"Startseite","item":"https:\/\/www2.bbs-me.de\/"},{"@type":"ListItem","position":3,"name":"Fachoberschule Technik"}]},{"@type":"WebSite","@id":"https:\/\/www2.bbs-me.de\/#website","url":"https:\/\/www2.bbs-me.de\/","name":"bbs|me","description":"Otto-Brenner-Schule - Berufsbildende Schule Metalltechnik \u2022 Elektrotechnik der Region Hannover","potentialAction":[{"@type":"SearchAction","target":{"@type":"EntryPoint","urlTemplate":"https:\/\/www2.bbs-me.de\/?s={search_term_string}"},"query-input":"required name=search_term_string"}],"inLanguage":"de"}]}},"publishpress_future_action":{"enabled":false,"date":"2026-04-12 19:18:43","action":"change-status","newStatus":"draft","terms":[],"taxonomy":"page_category"},"_links":{"self":[{"href":"https:\/\/www2.bbs-me.de\/index.php\/wp-json\/wp\/v2\/pages\/3598"}],"collection":[{"href":"https:\/\/www2.bbs-me.de\/index.php\/wp-json\/wp\/v2\/pages"}],"about":[{"href":"https:\/\/www2.bbs-me.de\/index.php\/wp-json\/wp\/v2\/types\/page"}],"author":[{"embeddable":true,"href":"https:\/\/www2.bbs-me.de\/index.php\/wp-json\/wp\/v2\/users\/27"}],"replies":[{"embeddable":true,"href":"https:\/\/www2.bbs-me.de\/index.php\/wp-json\/wp\/v2\/comments?post=3598"}],"version-history":[{"count":187,"href":"https:\/\/www2.bbs-me.de\/index.php\/wp-json\/wp\/v2\/pages\/3598\/revisions"}],"predecessor-version":[{"id":29049,"href":"https:\/\/www2.bbs-me.de\/index.php\/wp-json\/wp\/v2\/pages\/3598\/revisions\/29049"}],"up":[{"embeddable":true,"href":"https:\/\/www2.bbs-me.de\/index.php\/wp-json\/wp\/v2\/pages\/2383"}],"wp:featuredmedia":[{"embeddable":true,"href":"https:\/\/www2.bbs-me.de\/index.php\/wp-json\/wp\/v2\/media\/3604"}],"wp:attachment":[{"href":"https:\/\/www2.bbs-me.de\/index.php\/wp-json\/wp\/v2\/media?parent=3598"}],"wp:term":[{"taxonomy":"page_category","embeddable":true,"href":"https:\/\/www2.bbs-me.de\/index.php\/wp-json\/wp\/v2\/page_category?post=3598"}],"curies":[{"name":"wp","href":"https:\/\/api.w.org\/{rel}","templated":true}]}}