{"id":5080,"date":"2016-03-07T12:22:50","date_gmt":"2016-03-07T11:22:50","guid":{"rendered":"https:\/\/www2.bbs-me.de\/?page_id=5080"},"modified":"2024-11-30T10:35:11","modified_gmt":"2024-11-30T09:35:11","slug":"bgt-anmeldung-und-abschluesse","status":"publish","type":"page","link":"https:\/\/www2.bbs-me.de\/index.php\/berufliches-gymnasium-3\/berufliches-gymnasium-2-2\/bgt-anmeldung-und-abschluesse\/","title":{"rendered":"BGT Anmeldung und Abschl\u00fcsse"},"content":{"rendered":"<div class=\"flex_column av_two_third  flex_column_div first  avia-builder-el-0  el_before_av_one_third  avia-builder-el-first  \" ><p><section class=\"av_textblock_section \"  itemscope=\"itemscope\" itemtype=\"https:\/\/schema.org\/CreativeWork\" ><div class='avia_textblock  '  style='font-size:34px; '  itemprop=\"text\" ><p>Anmeldung<\/p>\n<\/div><\/section><br \/>\n<section class=\"av_textblock_section \"  itemscope=\"itemscope\" itemtype=\"https:\/\/schema.org\/CreativeWork\" ><div class='avia_textblock  '   itemprop=\"text\" ><p>Die Ausbildung in der Oberstufe dauert i. d. R.\u00a0 drei Jahre, die einj\u00e4hrige Einf\u00fchrungsphase (Klasse 11) und die zweij\u00e4hrige Qualifikationsphase (Klassen 12 und 13).<\/p>\n<p>In die Einf\u00fchrungsphase des Beruflichen Gymnasiums k\u00f6nnen Sch\u00fclerinnen und Sch\u00fcler aufgenommen werden<\/p>\n<ul>\n<li>nach der Klasse 10 eines Gymnasiums,<\/li>\n<li>mit dem Erweiterten Sek. I-Abschluss jeder anderen Schulform.<\/li>\n<\/ul>\n<p>Die Anmeldung f\u00fcr das Berufliche Gymnasium Technik ist einfach und unkompliziert:<\/p>\n<p><b>Optional<\/b>\u00a0vorab<b>\u00a0Anmeldung<\/b>\u00a0 unter\u00a0<u><a href=\"https:\/\/anmeldung.bbs-me.org\/\">https:\/\/anmeldung.bbs-me.org\/<\/a><\/u><\/p>\n<p><b>Pers\u00f6nliche Vorstellung bei einen der Anmeldetage<\/b><\/p>\n<ul>\n<li>Montag, 10.02.2025, 08:30 \u2013 15:00 Uhr<\/li>\n<li>Dienstag, 11.02.2025, 08:30 \u2013 15:00 Uhr<\/li>\n<li>Mittwoch, 12.02.2025, 08:30 \u2013 13:00 Uhr<\/li>\n<\/ul>\n<p>Gustav-Bratke-Allee 1, Raum H124<\/p>\n<p>Nachmeldung:<\/p>\n<ul>\n<li>Dienstag, 18.02.2025, 08:30 \u2013 13:00 Uhr<\/li>\n<\/ul>\n<p>ben\u00f6tigte Unterlagen<\/p>\n<ul>\n<li><u><a href=\"https:\/\/www.hannover.de\/content\/download\/392729\/file\/21.15.45-2024019551%20-%2042420_40.01-12_Formular_Anmeldg_Berufsschule%20Interaktiv%20neu%20rz.pdf\">Anmeldebogen<\/a>\u00a0<\/u>f\u00fcr BBSn<br \/>\nder Region Hannover<\/li>\n<li><u>Jahreszeugnisse<\/u>\u00a0ab Klasse 5 und das letzte Halbjahreszeugnis<\/li>\n<li><u>Lebenslauf<\/u>\u00a0 \u00a0 (tabellarisch, l\u00fcckenlos, unterschrieben)<\/li>\n<li>ggf. vorhandener Nachteilsausgleich<\/li>\n<\/ul>\n<p><strong>Zusagen:<\/strong>\u00a0 \u00a0 \u00a0 \u00a0 \u00a0 \u00a0 \u00a0 \u00a0 \u00a0 \u00a0 \u00a0 \u00a0Mitte M\u00e4rz 2024<\/p>\n<p>Bitte kontaktieren Sie <span style=\"text-decoration: underline\">\u00a0<a href=\"mailto:wess@bbs-me.de\"><strong><span style=\"color: #0000ff;text-decoration: underline\">Herrn Meyer<\/span><\/strong><\/a>\u00a0<\/span>(Abteilungsleitung) &#8211; Tel. 0511-26099-0 (Sekretariat), wenn Sie Fragen zur Anmeldung haben.<\/p>\n<\/div><\/section><\/p><\/div><div class=\"flex_column av_one_third  flex_column_div   avia-builder-el-3  el_after_av_two_third  avia-builder-el-last  \" ><div  class='avia-image-container  av-styling-    avia-builder-el-4  avia-builder-el-no-sibling  avia-align-center '  itemprop=\"image\" itemscope=\"itemscope\" itemtype=\"https:\/\/schema.org\/ImageObject\"  ><div class='avia-image-container-inner'><div class='avia-image-overlay-wrap'><img class='avia_image' src='https:\/\/www2.bbs-me.de\/wp-content\/uploads\/2016\/01\/H-Geb\u00e4ude.jpg' alt='' title=''   itemprop=\"thumbnailUrl\"  \/><\/div><\/div><\/div><\/div><\/p>\n","protected":false},"excerpt":{"rendered":"","protected":false},"author":6,"featured_media":0,"parent":5154,"menu_order":0,"comment_status":"closed","ping_status":"closed","template":"","meta":{"footnotes":""},"page_category":[70],"yoast_head":"<!-- This site is optimized with the Yoast SEO plugin v22.8 - https:\/\/yoast.com\/wordpress\/plugins\/seo\/ -->\n<title>BGT Anmeldung und Abschl\u00fcsse - bbs|me<\/title>\n<meta name=\"robots\" content=\"index, follow, max-snippet:-1, max-image-preview:large, max-video-preview:-1\" \/>\n<link rel=\"canonical\" href=\"https:\/\/www2.bbs-me.de\/index.php\/berufliches-gymnasium-3\/berufliches-gymnasium-2-2\/bgt-anmeldung-und-abschluesse\/\" \/>\n<meta property=\"og:locale\" content=\"de_DE\" \/>\n<meta property=\"og:type\" content=\"article\" \/>\n<meta property=\"og:title\" content=\"BGT Anmeldung und Abschl\u00fcsse - bbs|me\" \/>\n<meta property=\"og:url\" content=\"https:\/\/www2.bbs-me.de\/index.php\/berufliches-gymnasium-3\/berufliches-gymnasium-2-2\/bgt-anmeldung-und-abschluesse\/\" \/>\n<meta property=\"og:site_name\" content=\"bbs|me\" \/>\n<meta property=\"article:modified_time\" content=\"2024-11-30T09:35:11+00:00\" \/>\n<meta name=\"twitter:card\" content=\"summary_large_image\" \/>\n<meta name=\"twitter:label1\" content=\"Gesch\u00e4tzte Lesezeit\" \/>\n\t<meta name=\"twitter:data1\" content=\"1\u00a0Minute\" \/>\n<script type=\"application\/ld+json\" class=\"yoast-schema-graph\">{\"@context\":\"https:\/\/schema.org\",\"@graph\":[{\"@type\":\"WebPage\",\"@id\":\"https:\/\/www2.bbs-me.de\/index.php\/berufliches-gymnasium-3\/berufliches-gymnasium-2-2\/bgt-anmeldung-und-abschluesse\/\",\"url\":\"https:\/\/www2.bbs-me.de\/index.php\/berufliches-gymnasium-3\/berufliches-gymnasium-2-2\/bgt-anmeldung-und-abschluesse\/\",\"name\":\"BGT Anmeldung und Abschl\u00fcsse - bbs|me\",\"isPartOf\":{\"@id\":\"https:\/\/www2.bbs-me.de\/#website\"},\"datePublished\":\"2016-03-07T11:22:50+00:00\",\"dateModified\":\"2024-11-30T09:35:11+00:00\",\"breadcrumb\":{\"@id\":\"https:\/\/www2.bbs-me.de\/index.php\/berufliches-gymnasium-3\/berufliches-gymnasium-2-2\/bgt-anmeldung-und-abschluesse\/#breadcrumb\"},\"inLanguage\":\"de\",\"potentialAction\":[{\"@type\":\"ReadAction\",\"target\":[\"https:\/\/www2.bbs-me.de\/index.php\/berufliches-gymnasium-3\/berufliches-gymnasium-2-2\/bgt-anmeldung-und-abschluesse\/\"]}]},{\"@type\":\"BreadcrumbList\",\"@id\":\"https:\/\/www2.bbs-me.de\/index.php\/berufliches-gymnasium-3\/berufliches-gymnasium-2-2\/bgt-anmeldung-und-abschluesse\/#breadcrumb\",\"itemListElement\":[{\"@type\":\"ListItem\",\"position\":1,\"name\":\"Startseite\",\"item\":\"https:\/\/www2.bbs-me.de\/\"},{\"@type\":\"ListItem\",\"position\":2,\"name\":\"Berufliches Gymnasium Technik &#8211; in drei Jahren zum Abitur &#8211; in Hannover\",\"item\":\"https:\/\/www2.bbs-me.de\/index.php\/berufliches-gymnasium-3\/\"},{\"@type\":\"ListItem\",\"position\":3,\"name\":\"Berufliches Gymnasium Technik\",\"item\":\"https:\/\/www2.bbs-me.de\/?page_id=5154\"},{\"@type\":\"ListItem\",\"position\":4,\"name\":\"BGT Anmeldung und Abschl\u00fcsse\"}]},{\"@type\":\"WebSite\",\"@id\":\"https:\/\/www2.bbs-me.de\/#website\",\"url\":\"https:\/\/www2.bbs-me.de\/\",\"name\":\"bbs|me\",\"description\":\"Otto-Brenner-Schule - Berufsbildende Schule Metalltechnik \u2022 Elektrotechnik der Region Hannover\",\"potentialAction\":[{\"@type\":\"SearchAction\",\"target\":{\"@type\":\"EntryPoint\",\"urlTemplate\":\"https:\/\/www2.bbs-me.de\/?s={search_term_string}\"},\"query-input\":\"required name=search_term_string\"}],\"inLanguage\":\"de\"}]}<\/script>\n<!-- \/ Yoast SEO plugin. -->","yoast_head_json":{"title":"BGT Anmeldung und Abschl\u00fcsse - bbs|me","robots":{"index":"index","follow":"follow","max-snippet":"max-snippet:-1","max-image-preview":"max-image-preview:large","max-video-preview":"max-video-preview:-1"},"canonical":"https:\/\/www2.bbs-me.de\/index.php\/berufliches-gymnasium-3\/berufliches-gymnasium-2-2\/bgt-anmeldung-und-abschluesse\/","og_locale":"de_DE","og_type":"article","og_title":"BGT Anmeldung und Abschl\u00fcsse - bbs|me","og_url":"https:\/\/www2.bbs-me.de\/index.php\/berufliches-gymnasium-3\/berufliches-gymnasium-2-2\/bgt-anmeldung-und-abschluesse\/","og_site_name":"bbs|me","article_modified_time":"2024-11-30T09:35:11+00:00","twitter_card":"summary_large_image","twitter_misc":{"Gesch\u00e4tzte Lesezeit":"1\u00a0Minute"},"schema":{"@context":"https:\/\/schema.org","@graph":[{"@type":"WebPage","@id":"https:\/\/www2.bbs-me.de\/index.php\/berufliches-gymnasium-3\/berufliches-gymnasium-2-2\/bgt-anmeldung-und-abschluesse\/","url":"https:\/\/www2.bbs-me.de\/index.php\/berufliches-gymnasium-3\/berufliches-gymnasium-2-2\/bgt-anmeldung-und-abschluesse\/","name":"BGT Anmeldung und Abschl\u00fcsse - bbs|me","isPartOf":{"@id":"https:\/\/www2.bbs-me.de\/#website"},"datePublished":"2016-03-07T11:22:50+00:00","dateModified":"2024-11-30T09:35:11+00:00","breadcrumb":{"@id":"https:\/\/www2.bbs-me.de\/index.php\/berufliches-gymnasium-3\/berufliches-gymnasium-2-2\/bgt-anmeldung-und-abschluesse\/#breadcrumb"},"inLanguage":"de","potentialAction":[{"@type":"ReadAction","target":["https:\/\/www2.bbs-me.de\/index.php\/berufliches-gymnasium-3\/berufliches-gymnasium-2-2\/bgt-anmeldung-und-abschluesse\/"]}]},{"@type":"BreadcrumbList","@id":"https:\/\/www2.bbs-me.de\/index.php\/berufliches-gymnasium-3\/berufliches-gymnasium-2-2\/bgt-anmeldung-und-abschluesse\/#breadcrumb","itemListElement":[{"@type":"ListItem","position":1,"name":"Startseite","item":"https:\/\/www2.bbs-me.de\/"},{"@type":"ListItem","position":2,"name":"Berufliches Gymnasium Technik &#8211; in drei Jahren zum Abitur &#8211; in Hannover","item":"https:\/\/www2.bbs-me.de\/index.php\/berufliches-gymnasium-3\/"},{"@type":"ListItem","position":3,"name":"Berufliches Gymnasium Technik","item":"https:\/\/www2.bbs-me.de\/?page_id=5154"},{"@type":"ListItem","position":4,"name":"BGT Anmeldung und Abschl\u00fcsse"}]},{"@type":"WebSite","@id":"https:\/\/www2.bbs-me.de\/#website","url":"https:\/\/www2.bbs-me.de\/","name":"bbs|me","description":"Otto-Brenner-Schule - Berufsbildende Schule Metalltechnik \u2022 Elektrotechnik der Region Hannover","potentialAction":[{"@type":"SearchAction","target":{"@type":"EntryPoint","urlTemplate":"https:\/\/www2.bbs-me.de\/?s={search_term_string}"},"query-input":"required name=search_term_string"}],"inLanguage":"de"}]}},"publishpress_future_action":{"enabled":false,"date":"2026-04-12 22:38:12","action":"change-status","newStatus":"draft","terms":[],"taxonomy":"page_category"},"_links":{"self":[{"href":"https:\/\/www2.bbs-me.de\/index.php\/wp-json\/wp\/v2\/pages\/5080"}],"collection":[{"href":"https:\/\/www2.bbs-me.de\/index.php\/wp-json\/wp\/v2\/pages"}],"about":[{"href":"https:\/\/www2.bbs-me.de\/index.php\/wp-json\/wp\/v2\/types\/page"}],"author":[{"embeddable":true,"href":"https:\/\/www2.bbs-me.de\/index.php\/wp-json\/wp\/v2\/users\/6"}],"replies":[{"embeddable":true,"href":"https:\/\/www2.bbs-me.de\/index.php\/wp-json\/wp\/v2\/comments?post=5080"}],"version-history":[{"count":40,"href":"https:\/\/www2.bbs-me.de\/index.php\/wp-json\/wp\/v2\/pages\/5080\/revisions"}],"predecessor-version":[{"id":28737,"href":"https:\/\/www2.bbs-me.de\/index.php\/wp-json\/wp\/v2\/pages\/5080\/revisions\/28737"}],"up":[{"embeddable":true,"href":"https:\/\/www2.bbs-me.de\/index.php\/wp-json\/wp\/v2\/pages\/5154"}],"wp:attachment":[{"href":"https:\/\/www2.bbs-me.de\/index.php\/wp-json\/wp\/v2\/media?parent=5080"}],"wp:term":[{"taxonomy":"page_category","embeddable":true,"href":"https:\/\/www2.bbs-me.de\/index.php\/wp-json\/wp\/v2\/page_category?post=5080"}],"curies":[{"name":"wp","href":"https:\/\/api.w.org\/{rel}","templated":true}]}}