{"id":5217,"date":"2016-03-08T12:55:44","date_gmt":"2016-03-08T11:55:44","guid":{"rendered":"https:\/\/www2.bbs-me.de\/?page_id=5217"},"modified":"2021-05-05T12:42:37","modified_gmt":"2021-05-05T10:42:37","slug":"bautechnik","status":"publish","type":"page","link":"https:\/\/www2.bbs-me.de\/index.php\/berufliches-gymnasium-3\/berufliches-gymnasium-2-2\/bautechnik\/","title":{"rendered":"BGT Bautechnik"},"content":{"rendered":"<div id='av-layout-grid-1'  class='av-layout-grid-container entry-content-wrapper main_color av-flex-cells     avia-builder-el-0  el_before_av_layout_row  avia-builder-el-first  container_wrap sidebar_right' style=' '  >\n<div class=\"flex_cell no_margin av_one_full  avia-builder-el-1  avia-builder-el-no-sibling   \" ><div class='flex_cell_inner' ><section class=\"av_textblock_section \"  itemscope=\"itemscope\" itemtype=\"https:\/\/schema.org\/CreativeWork\" ><div class='avia_textblock  '   itemprop=\"text\" ><h2><strong>Berufliches Gymnasium Technik<\/strong><\/h2>\n<\/div><\/section>\n<\/div><\/div>\n<\/div>\n<div id='av-layout-grid-2'  class='av-layout-grid-container entry-content-wrapper main_color av-flex-cells     avia-builder-el-3  el_after_av_layout_row  el_before_av_layout_row  submenu-not-first container_wrap sidebar_right' style=' '  >\n<div class=\"flex_cell no_margin av_one_full  avia-builder-el-4  avia-builder-el-no-sibling   \"  style='vertical-align:top; padding:20 40 0 40 ; background-color:#898989; ' ><div class='flex_cell_inner' ><div class=\"flex_column av_one_full  flex_column_div av-zero-column-padding first  avia-builder-el-5  avia-builder-el-no-sibling  \" style='background-color:#878787; border-radius:0px; '><article  class=\"iconbox iconbox_left    avia-builder-el-6  avia-builder-el-no-sibling  av-icon-style-no-border\"  itemscope=\"itemscope\" itemtype=\"https:\/\/schema.org\/CreativeWork\" ><div class=\"iconbox_content\"><header class=\"entry-content-header\"><div class=\"iconbox_icon heading-color\" aria-hidden='true' data-av_icon='\ue821' data-av_iconfont='entypo-fontello'  ><\/div><h3 class='iconbox_content_title  '  itemprop=\"headline\"   style='color:#ffffff; '>Schwerpunkt: Bautechnik<\/h3><\/header><div class='iconbox_content_container  '  itemprop=\"text\"  ><p>Kooperation mit BBS 3<\/p>\n<\/div><\/div><footer class=\"entry-footer\"><\/footer><\/article><\/div>\n<\/div><\/div>\n<\/div>\n<div id='av-layout-grid-3'  class='av-layout-grid-container entry-content-wrapper main_color av-flex-cells     avia-builder-el-7  el_after_av_layout_row  avia-builder-el-last  submenu-not-first container_wrap sidebar_right' style=' '  >\n<div class=\"flex_cell no_margin av_one_full  avia-builder-el-8  avia-builder-el-no-sibling   \" ><div class='flex_cell_inner' ><p><div class=\"flex_column av_one_half  flex_column_div first  avia-builder-el-9  el_before_av_one_half  avia-builder-el-first  \" ><section class=\"av_textblock_section \"  itemscope=\"itemscope\" itemtype=\"https:\/\/schema.org\/CreativeWork\" ><div class='avia_textblock  '   itemprop=\"text\" ><p>Das Profilfach Bautechnik wird in Kooperation mit der BBS 3, der Schule f\u00fcr Berufe am Bau, direkt neben der bbs|me angeboten. Der Unterricht im Fach Bautechnik findet an einem Tag pro Woche in den R\u00e4umen der BBS 3 statt.<\/p>\n<p><a href=\"http:\/\/www.bbs3-hannover.de\/\">\u00a0[Link zur Homepage der BBS3]<\/a><\/p>\n<p><a href=\"https:\/\/www2.bbs-me.de\/wp-content\/uploads\/2021\/01\/Bautechnik_Berufliches_Gymnasium.pptx\">Informationen_Berufliches_Gymnasium_Bautechnik (.pptx)<\/a><\/p>\n<h3>Ziele und Inhalte<\/h3>\n<p>Technik ist das erste Pr\u00fcfungsfach des Beruflichen Gymnasiums Technik. Ein m\u00f6glicher Schwerpunkt in diesem Fach ist die Bautechnik. Der Unterricht wird in der einj\u00e4hrigen Einf\u00fchrungsphase und in der zweij\u00e4hrigen Qualifikationsphase vierst\u00fcndig pro Woche erteilt. Praxis wird 14-t\u00e4gig ebenfalls vierst\u00fcndig unterrichtet.<\/p>\n<p>Ziele dieses Technikunterrichts sind:<br \/>\n\u2013 Interesse, wenn m\u00f6glich Begeisterung f\u00fcr die Bautechnik bzw. die Architektur und das Bauingenieurwesen<br \/>\n\u2013 in die Denk- und Vorgehensweise ingenieurm\u00e4\u00dfigen Handelns einzuf\u00fchren;<br \/>\n\u2013 auf ein technisch-naturwissenschaftliches Studium insbesondere ein Architektur- oder Bauingenieurstudium vorzubereiten.<\/p>\n<p>Weitere Inhalte finden Sie hier: <a href=\"http:\/\/nibis.de\/nli1\/bbs\/archiv\/rahmenrichtlinien\/bgtechnik2016.pdf\">http:\/\/nibis.de\/nli1\/BBS\/archiv\/rahmenrichtlinien\/bgtechnik2016.pdf<\/a><\/p>\n<h3><strong>Einf\u00fchrungsphase<\/strong><\/h3>\n<p>In der Einf\u00fchrungsphase, also in der Klasse 11, sind in allen Technikschwerpunkten dieselben Lerngebiete vorgeschrieben. Diese sind:<br \/>\n\u2013 Lerngebiet T1: Technische Informationen nutzen und erstellen<br \/>\n\u2013 Lerngebiet T2: Technische Systeme hinsichtlich Aufbau und Funktion analysieren<br \/>\n\u2013 Lerngebiet T3: Technische Produkte entwerfen und deren Herstellung planen<\/p>\n<p>Hier werden im Bereich Bautechnik bereits die Grundlagen f\u00fcr die Vertiefungsphase gelegt.<\/p>\n<p>Im Schwerpunkt Bautechnik werden im Jahrgang 11 zun\u00e4chst an konkreten, kleinen Projekten, die zu erreichenden Kompetenzen erarbeitet. Beispielhafte Projekte:<\/p>\n<ul>\n<li>Einen Bauablauf analysieren<\/li>\n<li>Ein Stahlbetontr\u00e4ger in einem Einfamilienhaus (neu)planen<\/li>\n<\/ul>\n<p>Die Lerngebiete im Schwerpunkt Bautechnik in diesen beiden Jahrg\u00e4ngen sind:<\/p>\n<ul>\n<li>Lerngebiet BT1: Fertigung einfacher Bauk\u00f6rper planen<\/li>\n<li>Lerngebiet BT3: Geb\u00e4ude unter bauphysikalischen Aspekten planen<\/li>\n<li>Lerngebiet BT4: Einfache Tragwerke konstruieren und berechnen<\/li>\n<li>Lerngebiet BT5: Wohngeb\u00e4ude planen<\/li>\n<\/ul>\n<p>In den vergangenen Jahren wurden hierzu lerngebiets\u00fcbergreifend kleine Bauvorhaben, z. B. ein Anbau, geplant.<\/p>\n<\/div><\/section><\/div><div class=\"flex_column av_one_half  flex_column_div av-zero-column-padding   avia-builder-el-11  el_after_av_one_half  avia-builder-el-last  \" style='border-radius:0px; '><div   data-size='featured'  data-lightbox_size='large'  data-animation='slide'  data-conditional_play=''  data-ids='13023,13021,13022'  data-video_counter='0'  data-autoplay='true'  data-bg_slider='false'  data-slide_height=''  data-handle='av_slideshow'  data-interval='5'  data-class=' avia-builder-el-12  avia-builder-el-no-sibling  '  data-el_id=''  data-css_id=''  data-scroll_down=''  data-control_layout='av-control-default'  data-custom_markup=''  data-perma_caption=''  data-autoplay_stopper=''  data-image_attachment=''  data-min_height='0px'  data-default-height='28.666666666667'  class='avia-slideshow avia-slideshow-1  av-control-default av-default-height-applied avia-slideshow-featured av_slideshow  avia-builder-el-12  avia-builder-el-no-sibling   avia-slide-slider '  itemprop=\"image\" itemscope=\"itemscope\" itemtype=\"https:\/\/schema.org\/ImageObject\" ><ul class='avia-slideshow-inner ' style='padding-bottom: 75.342465753425%;' ><li  class=' slide-1 ' ><div data-rel='slideshow-1' class='avia-slide-wrap '   ><img src='https:\/\/www2.bbs-me.de\/wp-content\/uploads\/2016\/03\/Bild1.jpg' width='511' height='385' title='Bild1' alt=''  itemprop=\"thumbnailUrl\"   \/><\/div><\/li><li  class=' slide-2 ' ><div data-rel='slideshow-1' class='avia-slide-wrap '   ><img src='https:\/\/www2.bbs-me.de\/wp-content\/uploads\/2016\/03\/Bild2.png' width='353' height='250' title='Bild2' alt=''  itemprop=\"thumbnailUrl\"   \/><\/div><\/li><li  class=' slide-3 ' ><div data-rel='slideshow-1' class='avia-slide-wrap '   ><img src='https:\/\/www2.bbs-me.de\/wp-content\/uploads\/2016\/03\/Bild4-642x430.jpg' width='642' height='430' title='Bild4' alt=''  itemprop=\"thumbnailUrl\"   \/><\/div><\/li><\/ul><div class='avia-slideshow-arrows avia-slideshow-controls'><a href='#prev' class='prev-slide' aria-hidden='true' data-av_icon='\ue87c' data-av_iconfont='entypo-fontello'>Zur\u00fcck<\/a><a href='#next' class='next-slide' aria-hidden='true' data-av_icon='\ue87d' data-av_iconfont='entypo-fontello'>Weiter<\/a><\/div><div class='avia-slideshow-dots avia-slideshow-controls'><a href='#1' class='goto-slide active' >1<\/a><a href='#2' class='goto-slide ' >2<\/a><a href='#3' class='goto-slide ' >3<\/a><\/div><\/div><\/div><\/p>\n<\/div><\/div><\/div>\n","protected":false},"excerpt":{"rendered":"","protected":false},"author":6,"featured_media":0,"parent":5154,"menu_order":0,"comment_status":"closed","ping_status":"closed","template":"","meta":{"footnotes":""},"page_category":[],"yoast_head":"<!-- This site is optimized with the Yoast SEO plugin v22.8 - https:\/\/yoast.com\/wordpress\/plugins\/seo\/ -->\n<title>BGT Bautechnik - bbs|me<\/title>\n<meta name=\"robots\" content=\"index, follow, max-snippet:-1, max-image-preview:large, max-video-preview:-1\" \/>\n<link rel=\"canonical\" href=\"https:\/\/www2.bbs-me.de\/index.php\/berufliches-gymnasium-3\/berufliches-gymnasium-2-2\/bautechnik\/\" \/>\n<meta property=\"og:locale\" content=\"de_DE\" \/>\n<meta property=\"og:type\" content=\"article\" \/>\n<meta property=\"og:title\" content=\"BGT Bautechnik - bbs|me\" \/>\n<meta property=\"og:url\" content=\"https:\/\/www2.bbs-me.de\/index.php\/berufliches-gymnasium-3\/berufliches-gymnasium-2-2\/bautechnik\/\" \/>\n<meta property=\"og:site_name\" content=\"bbs|me\" \/>\n<meta property=\"article:modified_time\" content=\"2021-05-05T10:42:37+00:00\" \/>\n<meta name=\"twitter:card\" content=\"summary_large_image\" \/>\n<meta name=\"twitter:label1\" content=\"Gesch\u00e4tzte Lesezeit\" \/>\n\t<meta name=\"twitter:data1\" content=\"3\u00a0Minuten\" \/>\n<script type=\"application\/ld+json\" class=\"yoast-schema-graph\">{\"@context\":\"https:\/\/schema.org\",\"@graph\":[{\"@type\":\"WebPage\",\"@id\":\"https:\/\/www2.bbs-me.de\/index.php\/berufliches-gymnasium-3\/berufliches-gymnasium-2-2\/bautechnik\/\",\"url\":\"https:\/\/www2.bbs-me.de\/index.php\/berufliches-gymnasium-3\/berufliches-gymnasium-2-2\/bautechnik\/\",\"name\":\"BGT Bautechnik - bbs|me\",\"isPartOf\":{\"@id\":\"https:\/\/www2.bbs-me.de\/#website\"},\"datePublished\":\"2016-03-08T11:55:44+00:00\",\"dateModified\":\"2021-05-05T10:42:37+00:00\",\"breadcrumb\":{\"@id\":\"https:\/\/www2.bbs-me.de\/index.php\/berufliches-gymnasium-3\/berufliches-gymnasium-2-2\/bautechnik\/#breadcrumb\"},\"inLanguage\":\"de\",\"potentialAction\":[{\"@type\":\"ReadAction\",\"target\":[\"https:\/\/www2.bbs-me.de\/index.php\/berufliches-gymnasium-3\/berufliches-gymnasium-2-2\/bautechnik\/\"]}]},{\"@type\":\"BreadcrumbList\",\"@id\":\"https:\/\/www2.bbs-me.de\/index.php\/berufliches-gymnasium-3\/berufliches-gymnasium-2-2\/bautechnik\/#breadcrumb\",\"itemListElement\":[{\"@type\":\"ListItem\",\"position\":1,\"name\":\"Startseite\",\"item\":\"https:\/\/www2.bbs-me.de\/\"},{\"@type\":\"ListItem\",\"position\":2,\"name\":\"Berufliches Gymnasium Technik &#8211; in drei Jahren zum Abitur &#8211; in Hannover\",\"item\":\"https:\/\/www2.bbs-me.de\/index.php\/berufliches-gymnasium-3\/\"},{\"@type\":\"ListItem\",\"position\":3,\"name\":\"Berufliches Gymnasium Technik\",\"item\":\"https:\/\/www2.bbs-me.de\/?page_id=5154\"},{\"@type\":\"ListItem\",\"position\":4,\"name\":\"BGT Bautechnik\"}]},{\"@type\":\"WebSite\",\"@id\":\"https:\/\/www2.bbs-me.de\/#website\",\"url\":\"https:\/\/www2.bbs-me.de\/\",\"name\":\"bbs|me\",\"description\":\"Otto-Brenner-Schule - Berufsbildende Schule Metalltechnik \u2022 Elektrotechnik der Region Hannover\",\"potentialAction\":[{\"@type\":\"SearchAction\",\"target\":{\"@type\":\"EntryPoint\",\"urlTemplate\":\"https:\/\/www2.bbs-me.de\/?s={search_term_string}\"},\"query-input\":\"required name=search_term_string\"}],\"inLanguage\":\"de\"}]}<\/script>\n<!-- \/ Yoast SEO plugin. -->","yoast_head_json":{"title":"BGT Bautechnik - bbs|me","robots":{"index":"index","follow":"follow","max-snippet":"max-snippet:-1","max-image-preview":"max-image-preview:large","max-video-preview":"max-video-preview:-1"},"canonical":"https:\/\/www2.bbs-me.de\/index.php\/berufliches-gymnasium-3\/berufliches-gymnasium-2-2\/bautechnik\/","og_locale":"de_DE","og_type":"article","og_title":"BGT Bautechnik - bbs|me","og_url":"https:\/\/www2.bbs-me.de\/index.php\/berufliches-gymnasium-3\/berufliches-gymnasium-2-2\/bautechnik\/","og_site_name":"bbs|me","article_modified_time":"2021-05-05T10:42:37+00:00","twitter_card":"summary_large_image","twitter_misc":{"Gesch\u00e4tzte Lesezeit":"3\u00a0Minuten"},"schema":{"@context":"https:\/\/schema.org","@graph":[{"@type":"WebPage","@id":"https:\/\/www2.bbs-me.de\/index.php\/berufliches-gymnasium-3\/berufliches-gymnasium-2-2\/bautechnik\/","url":"https:\/\/www2.bbs-me.de\/index.php\/berufliches-gymnasium-3\/berufliches-gymnasium-2-2\/bautechnik\/","name":"BGT Bautechnik - bbs|me","isPartOf":{"@id":"https:\/\/www2.bbs-me.de\/#website"},"datePublished":"2016-03-08T11:55:44+00:00","dateModified":"2021-05-05T10:42:37+00:00","breadcrumb":{"@id":"https:\/\/www2.bbs-me.de\/index.php\/berufliches-gymnasium-3\/berufliches-gymnasium-2-2\/bautechnik\/#breadcrumb"},"inLanguage":"de","potentialAction":[{"@type":"ReadAction","target":["https:\/\/www2.bbs-me.de\/index.php\/berufliches-gymnasium-3\/berufliches-gymnasium-2-2\/bautechnik\/"]}]},{"@type":"BreadcrumbList","@id":"https:\/\/www2.bbs-me.de\/index.php\/berufliches-gymnasium-3\/berufliches-gymnasium-2-2\/bautechnik\/#breadcrumb","itemListElement":[{"@type":"ListItem","position":1,"name":"Startseite","item":"https:\/\/www2.bbs-me.de\/"},{"@type":"ListItem","position":2,"name":"Berufliches Gymnasium Technik &#8211; in drei Jahren zum Abitur &#8211; in Hannover","item":"https:\/\/www2.bbs-me.de\/index.php\/berufliches-gymnasium-3\/"},{"@type":"ListItem","position":3,"name":"Berufliches Gymnasium Technik","item":"https:\/\/www2.bbs-me.de\/?page_id=5154"},{"@type":"ListItem","position":4,"name":"BGT Bautechnik"}]},{"@type":"WebSite","@id":"https:\/\/www2.bbs-me.de\/#website","url":"https:\/\/www2.bbs-me.de\/","name":"bbs|me","description":"Otto-Brenner-Schule - Berufsbildende Schule Metalltechnik \u2022 Elektrotechnik der Region Hannover","potentialAction":[{"@type":"SearchAction","target":{"@type":"EntryPoint","urlTemplate":"https:\/\/www2.bbs-me.de\/?s={search_term_string}"},"query-input":"required name=search_term_string"}],"inLanguage":"de"}]}},"publishpress_future_action":{"enabled":false,"date":"2026-04-12 20:52:55","action":"change-status","newStatus":"draft","terms":[],"taxonomy":"page_category"},"_links":{"self":[{"href":"https:\/\/www2.bbs-me.de\/index.php\/wp-json\/wp\/v2\/pages\/5217"}],"collection":[{"href":"https:\/\/www2.bbs-me.de\/index.php\/wp-json\/wp\/v2\/pages"}],"about":[{"href":"https:\/\/www2.bbs-me.de\/index.php\/wp-json\/wp\/v2\/types\/page"}],"author":[{"embeddable":true,"href":"https:\/\/www2.bbs-me.de\/index.php\/wp-json\/wp\/v2\/users\/6"}],"replies":[{"embeddable":true,"href":"https:\/\/www2.bbs-me.de\/index.php\/wp-json\/wp\/v2\/comments?post=5217"}],"version-history":[{"count":8,"href":"https:\/\/www2.bbs-me.de\/index.php\/wp-json\/wp\/v2\/pages\/5217\/revisions"}],"predecessor-version":[{"id":21968,"href":"https:\/\/www2.bbs-me.de\/index.php\/wp-json\/wp\/v2\/pages\/5217\/revisions\/21968"}],"up":[{"embeddable":true,"href":"https:\/\/www2.bbs-me.de\/index.php\/wp-json\/wp\/v2\/pages\/5154"}],"wp:attachment":[{"href":"https:\/\/www2.bbs-me.de\/index.php\/wp-json\/wp\/v2\/media?parent=5217"}],"wp:term":[{"taxonomy":"page_category","embeddable":true,"href":"https:\/\/www2.bbs-me.de\/index.php\/wp-json\/wp\/v2\/page_category?post=5217"}],"curies":[{"name":"wp","href":"https:\/\/api.w.org\/{rel}","templated":true}]}}